{"id":4682,"date":"2021-05-17T12:14:23","date_gmt":"2021-05-17T10:14:23","guid":{"rendered":"https:\/\/cordoba.salesianos.edu\/pastoral\/?page_id=4682"},"modified":"2021-05-27T21:10:26","modified_gmt":"2021-05-27T19:10:26","slug":"catequesis","status":"publish","type":"page","link":"https:\/\/cordoba.salesianos.edu\/pastoral\/catequesis\/","title":{"rendered":"Catequesis"},"content":{"rendered":"<p>[et_pb_section fb_built=\u00bb1&#8243; fullwidth=\u00bbon\u00bb _builder_version=\u00bb4.6.0&#8243; _module_preset=\u00bbdefault\u00bb][et_pb_fullwidth_image src=\u00bbhttps:\/\/cordoba.salesianos.edu\/pastoral\/wp-content\/uploads\/sites\/4\/2021\/05\/cabecera_catequesis_2.jpeg\u00bb title_text=\u00bbcabecera_catequesis_2&#8243; _builder_version=\u00bb4.9.4&#8243; _module_preset=\u00bbdefault\u00bb][\/et_pb_fullwidth_image][\/et_pb_section][et_pb_section fb_built=\u00bb1&#8243; _builder_version=\u00bb3.22.3&#8243; custom_padding=\u00bb0px|0px|9px|0px|false|false\u00bb top_divider_color=\u00bb#ffffff\u00bb animation_style=\u00bbfade\u00bb][et_pb_row module_id=\u00bbservicios\u00bb _builder_version=\u00bb3.25&#8243; _dynamic_attributes=\u00bblink_option_url\u00bb min_height=\u00bb533px\u00bb custom_padding=\u00bb22px|0px|27px|0px|false|false\u00bb link_option_url=\u00bbHORARIOS\u00bb][et_pb_column type=\u00bb4_4&#8243; _builder_version=\u00bb3.19.18&#8243; custom_padding=\u00bb|||\u00bb custom_padding__hover=\u00bb|||\u00bb][et_pb_text _builder_version=\u00bb4.9.4&#8243; custom_padding=\u00bb0px|||||\u00bb hover_enabled=\u00bb0&#8243; sticky_enabled=\u00bb0&#8243;]<\/p>\n<blockquote>\n<h1><span style=\"font-size: x-large;\">CATEQUESIS PRIMERA COMUNI\u00d3N<\/span><\/h1>\n<\/blockquote>\n<p>[\/et_pb_text][et_pb_toggle title=\u00bbIDENTIDAD\u00bb icon_color=\u00bb#e02b20&#8243; _builder_version=\u00bb4.6.0&#8243; title_font=\u00bb||||||||\u00bb title_font_size=\u00bb18px\u00bb]<\/p>\n<p style=\"font-weight: 400;\">En nuestra Casa, la catequesis se organiza en dos aspectos:<\/p>\n<p style=\"font-weight: 400;\"><b><strong>Catequesis de ni\u00f1os<\/strong><\/b>: Comienza en 2\u00ba de Primaria y concluye en 4\u00ba de Primaria. Estos tres a\u00f1os les llamamos Luz-0, Luz-1 y Luz-2. En Luz-0 el ni\u00f1o recibe la catequesis directamente por sus padres. Cada grupo de 7-8 ni\u00f1os es llevado ordinariamente por dos catequistas.<\/p>\n<p style=\"font-weight: 400;\"><b><strong>Catequesis de padres<\/strong><\/b>: En Salesianos, los padres comienzan la catequesis cuando su hijo est\u00e1 en 2\u00ba de Primaria, ya que el primer a\u00f1o se motiva para que sean sus padres los primeros catequistas y acompa\u00f1en a su hijo en el proceso. Cada padre pertenece a un grupo que lleva un catequista y se re\u00fanen quincenalmente en el horario que mejor le venga al grupo. Durante el tercer a\u00f1o, los padres que lo deseen pueden recibir el sacramento de la confirmaci\u00f3n en la Parroquia de San Lorenzo prepar\u00e1ndose con algunas catequesis m\u00e1s espec\u00edficas.\u00a0<\/p>\n<p>[\/et_pb_toggle][et_pb_toggle title=\u00bb\u00bfD\u00d3NDE SE REALIZA LA CATEQUESIS?\u00bb icon_color=\u00bb#e02b20&#8243; _builder_version=\u00bb4.6.0&#8243; title_font=\u00bb||||||||\u00bb title_font_size=\u00bb18px\u00bb]<\/p>\n<p style=\"font-weight: 400;\">En las instalaciones del colegio tanto para ni\u00f1os como para los padres.<\/p>\n<p>[\/et_pb_toggle][et_pb_toggle title=\u00bb\u00bfCU\u00c1NDO SE REALIZA LA CATEQUESIS?\u00bb icon_color=\u00bb#e02b20&#8243; _builder_version=\u00bb4.6.0&#8243; title_font=\u00bb||||||||\u00bb title_font_size=\u00bb18px\u00bb]<\/p>\n<p style=\"font-weight: 400;\">En <strong>Luz-1 y Luz-2<\/strong> los ni\u00f1os se re\u00fanen cada semana los <strong>viernes de 17:00 a 18:00<\/strong> desde octubre hasta mayo.<\/p>\n<p style=\"font-weight: 400;\">Los grupos de padres se re\u00fanen quincenalmente en el horario que mejor le vaya a cada grupo mediante la inscripci\u00f3n que se hace a principio de curso.<\/p>\n<p>[\/et_pb_toggle][et_pb_toggle title=\u00bb\u00bfQU\u00c9 NECESITAS PARA APUNTARTE?\u00bb icon_color=\u00bb#e02b20&#8243; _builder_version=\u00bb4.6.0&#8243; title_font=\u00bb||||||||\u00bb title_font_size=\u00bb18px\u00bb]<\/p>\n<p><span>Todos los ni\u00f1os deben traer su partida de bautismo y asistir a las reuniones y a la misa de los domingos. Los padres deben participar, los dos o al menos uno de ellos, en alg\u00fan grupo de catequesis de padres.<\/span><\/p>\n<p>[\/et_pb_toggle][et_pb_toggle title=\u00bb\u00bfPUEDE APUNTARSE NI\u00d1OS QUE NO SEAN ALUMNOS?\u00bb icon_color=\u00bb#e02b20&#8243; _builder_version=\u00bb4.6.0&#8243; title_font=\u00bb||||||||\u00bb title_font_size=\u00bb18px\u00bb]<\/p>\n<p><span>Por supuesto. Nuestra casa es una casa de puertas abiertas. Lo \u00fanico que tienes que hacer es hablar con el responsable de catequesis.<\/span><\/p>\n<p>[\/et_pb_toggle][et_pb_toggle title=\u00bb\u00bfQU\u00c9 CELEBRACIONES SE REALIZAN?\u00bb icon_color=\u00bb#e02b20&#8243; _builder_version=\u00bb4.6.0&#8243; title_font=\u00bb||||||||\u00bb title_font_size=\u00bb18px\u00bb]<\/p>\n<p style=\"font-weight: 400;\">En<b><strong><span>\u00a0<\/span>Navidad<\/strong><\/b><span>\u00a0<\/span>y<span>\u00a0<\/span><b><strong>Pascua<\/strong><\/b>, celebramos ni\u00f1os, catequistas y padres la fiesta del nacimiento de Jes\u00fas y la Resurrecci\u00f3n con una oraci\u00f3n en la iglesia y posteriormente una merienda festiva.<\/p>\n<p style=\"font-weight: 400;\">En 3\u00ba de Primaria se celebra la<b><strong><span>\u00a0<\/span>Fiesta del Agua y de la Luz<\/strong><\/b>, en la que todos los ni\u00f1os renuevan las promesas bautismales con una celebraci\u00f3n festiva en la que participan los padres. Siempre se hace durante el tiempo Pascual.<\/p>\n<p style=\"font-weight: 400;\">En 4\u00ba de Primaria se celebra la<span>\u00a0<\/span><b><strong>Fiesta del Perd\u00f3n<\/strong><\/b><span>\u00a0<\/span>en la que los ni\u00f1os se acercan por primera vez al sacramento de la reconciliaci\u00f3n. Siempre tiene lugar en el tiempo de Cuaresma. Posteriormente, en Mayo tiene lugar la P<b><strong>rimera Comuni\u00f3n.<\/strong><\/b><\/p>\n<p>[\/et_pb_toggle][\/et_pb_column][\/et_pb_row][et_pb_row _builder_version=\u00bb3.25&#8243;][et_pb_column type=\u00bb4_4&#8243; _builder_version=\u00bb3.19.18&#8243; custom_padding=\u00bb|||\u00bb custom_padding__hover=\u00bb|||\u00bb][et_pb_divider divider_style=\u00bbdotted\u00bb divider_weight=\u00bb10px\u00bb _builder_version=\u00bb4.6.0&#8243;]<br \/>\n[\/et_pb_divider][\/et_pb_column][\/et_pb_row][\/et_pb_section][et_pb_section fb_built=\u00bb1&#8243; _builder_version=\u00bb4.3.2&#8243;][\/et_pb_section]<\/p>\n","protected":false},"excerpt":{"rendered":"<p>CATEQUESIS PRIMERA COMUNI\u00d3N En nuestra Casa, la catequesis se organiza en dos aspectos: Catequesis de ni\u00f1os: Comienza en 2\u00ba de Primaria y concluye en 4\u00ba de Primaria. Estos tres a\u00f1os les llamamos Luz-0, Luz-1 y Luz-2. En Luz-0 el ni\u00f1o recibe la catequesis directamente por sus padres. Cada grupo de 7-8 ni\u00f1os es llevado ordinariamente [&hellip;]<\/p>\n","protected":false},"author":3,"featured_media":0,"parent":0,"menu_order":0,"comment_status":"closed","ping_status":"closed","template":"","meta":{"_et_pb_use_builder":"on","_et_pb_old_content":"","_et_gb_content_width":"","footnotes":""},"class_list":["post-4682","page","type-page","status-publish","hentry"],"yoast_head":"<!-- This site is optimized with the Yoast SEO plugin v28.3 - https:\/\/yoast.com\/product\/yoast-seo-wordpress\/ -->\n<title>Catequesis - Pastoral<\/title>\n<meta name=\"robots\" content=\"index, follow, max-snippet:-1, max-image-preview:large, max-video-preview:-1\" \/>\n<link rel=\"canonical\" href=\"https:\/\/cordoba.salesianos.edu\/pastoral\/catequesis\/\" \/>\n<meta property=\"og:locale\" content=\"es_ES\" \/>\n<meta property=\"og:type\" content=\"article\" \/>\n<meta property=\"og:title\" content=\"Catequesis - Pastoral\" \/>\n<meta property=\"og:description\" content=\"CATEQUESIS PRIMERA COMUNI\u00d3N En nuestra Casa, la catequesis se organiza en dos aspectos: Catequesis de ni\u00f1os: Comienza en 2\u00ba de Primaria y concluye en 4\u00ba de Primaria. Estos tres a\u00f1os les llamamos Luz-0, Luz-1 y Luz-2. En Luz-0 el ni\u00f1o recibe la catequesis directamente por sus padres. Cada grupo de 7-8 ni\u00f1os es llevado ordinariamente [&hellip;]\" \/>\n<meta property=\"og:url\" content=\"https:\/\/cordoba.salesianos.edu\/pastoral\/catequesis\/\" \/>\n<meta property=\"og:site_name\" content=\"Pastoral\" \/>\n<meta property=\"article:modified_time\" content=\"2021-05-27T19:10:26+00:00\" \/>\n<meta name=\"twitter:card\" content=\"summary_large_image\" \/>\n<meta name=\"twitter:label1\" content=\"Tiempo de lectura\" \/>\n\t<meta name=\"twitter:data1\" content=\"4 minutos\" \/>\n<script type=\"application\/ld+json\" class=\"yoast-schema-graph\">{\"@context\":\"https:\\\/\\\/schema.org\",\"@graph\":[{\"@type\":\"WebPage\",\"@id\":\"https:\\\/\\\/cordoba.salesianos.edu\\\/pastoral\\\/catequesis\\\/\",\"url\":\"https:\\\/\\\/cordoba.salesianos.edu\\\/pastoral\\\/catequesis\\\/\",\"name\":\"Catequesis - Pastoral\",\"isPartOf\":{\"@id\":\"https:\\\/\\\/cordoba.salesianos.edu\\\/pastoral\\\/#website\"},\"datePublished\":\"2021-05-17T10:14:23+00:00\",\"dateModified\":\"2021-05-27T19:10:26+00:00\",\"breadcrumb\":{\"@id\":\"https:\\\/\\\/cordoba.salesianos.edu\\\/pastoral\\\/catequesis\\\/#breadcrumb\"},\"inLanguage\":\"es\",\"potentialAction\":[{\"@type\":\"ReadAction\",\"target\":[\"https:\\\/\\\/cordoba.salesianos.edu\\\/pastoral\\\/catequesis\\\/\"]}]},{\"@type\":\"BreadcrumbList\",\"@id\":\"https:\\\/\\\/cordoba.salesianos.edu\\\/pastoral\\\/catequesis\\\/#breadcrumb\",\"itemListElement\":[{\"@type\":\"ListItem\",\"position\":1,\"name\":\"Portada\",\"item\":\"https:\\\/\\\/cordoba.salesianos.edu\\\/pastoral\\\/\"},{\"@type\":\"ListItem\",\"position\":2,\"name\":\"Catequesis\"}]},{\"@type\":\"WebSite\",\"@id\":\"https:\\\/\\\/cordoba.salesianos.edu\\\/pastoral\\\/#website\",\"url\":\"https:\\\/\\\/cordoba.salesianos.edu\\\/pastoral\\\/\",\"name\":\"Pastoral\",\"description\":\"P\u00e1gina oficial Salesianos C\u00f3rdoba\",\"potentialAction\":[{\"@type\":\"SearchAction\",\"target\":{\"@type\":\"EntryPoint\",\"urlTemplate\":\"https:\\\/\\\/cordoba.salesianos.edu\\\/pastoral\\\/?s={search_term_string}\"},\"query-input\":{\"@type\":\"PropertyValueSpecification\",\"valueRequired\":true,\"valueName\":\"search_term_string\"}}],\"inLanguage\":\"es\"}]}<\/script>\n<!-- \/ Yoast SEO plugin. -->","yoast_head_json":{"title":"Catequesis - Pastoral","robots":{"index":"index","follow":"follow","max-snippet":"max-snippet:-1","max-image-preview":"max-image-preview:large","max-video-preview":"max-video-preview:-1"},"canonical":"https:\/\/cordoba.salesianos.edu\/pastoral\/catequesis\/","og_locale":"es_ES","og_type":"article","og_title":"Catequesis - Pastoral","og_description":"CATEQUESIS PRIMERA COMUNI\u00d3N En nuestra Casa, la catequesis se organiza en dos aspectos: Catequesis de ni\u00f1os: Comienza en 2\u00ba de Primaria y concluye en 4\u00ba de Primaria. Estos tres a\u00f1os les llamamos Luz-0, Luz-1 y Luz-2. En Luz-0 el ni\u00f1o recibe la catequesis directamente por sus padres. Cada grupo de 7-8 ni\u00f1os es llevado ordinariamente [&hellip;]","og_url":"https:\/\/cordoba.salesianos.edu\/pastoral\/catequesis\/","og_site_name":"Pastoral","article_modified_time":"2021-05-27T19:10:26+00:00","twitter_card":"summary_large_image","twitter_misc":{"Tiempo de lectura":"4 minutos"},"schema":{"@context":"https:\/\/schema.org","@graph":[{"@type":"WebPage","@id":"https:\/\/cordoba.salesianos.edu\/pastoral\/catequesis\/","url":"https:\/\/cordoba.salesianos.edu\/pastoral\/catequesis\/","name":"Catequesis - Pastoral","isPartOf":{"@id":"https:\/\/cordoba.salesianos.edu\/pastoral\/#website"},"datePublished":"2021-05-17T10:14:23+00:00","dateModified":"2021-05-27T19:10:26+00:00","breadcrumb":{"@id":"https:\/\/cordoba.salesianos.edu\/pastoral\/catequesis\/#breadcrumb"},"inLanguage":"es","potentialAction":[{"@type":"ReadAction","target":["https:\/\/cordoba.salesianos.edu\/pastoral\/catequesis\/"]}]},{"@type":"BreadcrumbList","@id":"https:\/\/cordoba.salesianos.edu\/pastoral\/catequesis\/#breadcrumb","itemListElement":[{"@type":"ListItem","position":1,"name":"Portada","item":"https:\/\/cordoba.salesianos.edu\/pastoral\/"},{"@type":"ListItem","position":2,"name":"Catequesis"}]},{"@type":"WebSite","@id":"https:\/\/cordoba.salesianos.edu\/pastoral\/#website","url":"https:\/\/cordoba.salesianos.edu\/pastoral\/","name":"Pastoral","description":"P\u00e1gina oficial Salesianos C\u00f3rdoba","potentialAction":[{"@type":"SearchAction","target":{"@type":"EntryPoint","urlTemplate":"https:\/\/cordoba.salesianos.edu\/pastoral\/?s={search_term_string}"},"query-input":{"@type":"PropertyValueSpecification","valueRequired":true,"valueName":"search_term_string"}}],"inLanguage":"es"}]}},"_links":{"self":[{"href":"https:\/\/cordoba.salesianos.edu\/pastoral\/wp-json\/wp\/v2\/pages\/4682","targetHints":{"allow":["GET"]}}],"collection":[{"href":"https:\/\/cordoba.salesianos.edu\/pastoral\/wp-json\/wp\/v2\/pages"}],"about":[{"href":"https:\/\/cordoba.salesianos.edu\/pastoral\/wp-json\/wp\/v2\/types\/page"}],"author":[{"embeddable":true,"href":"https:\/\/cordoba.salesianos.edu\/pastoral\/wp-json\/wp\/v2\/users\/3"}],"replies":[{"embeddable":true,"href":"https:\/\/cordoba.salesianos.edu\/pastoral\/wp-json\/wp\/v2\/comments?post=4682"}],"version-history":[{"count":8,"href":"https:\/\/cordoba.salesianos.edu\/pastoral\/wp-json\/wp\/v2\/pages\/4682\/revisions"}],"predecessor-version":[{"id":4781,"href":"https:\/\/cordoba.salesianos.edu\/pastoral\/wp-json\/wp\/v2\/pages\/4682\/revisions\/4781"}],"wp:attachment":[{"href":"https:\/\/cordoba.salesianos.edu\/pastoral\/wp-json\/wp\/v2\/media?parent=4682"}],"curies":[{"name":"wp","href":"https:\/\/api.w.org\/{rel}","templated":true}]}}

<p>[et_pb_section fb_built=»1&#8243; fullwidth=»on» _builder_version=»4.6.0&#8243; _module_preset=»default»][et_pb_fullwidth_image src=»https://cordoba.salesianos.edu/pastoral/wp-content/uploads/sites/4/2021/05/cabecera_catequesis_2.jpeg» title_text=»cabecera_catequesis_2&#8243; _builder_version=»4.9.4&#8243; _module_preset=»default»][/et_pb_fullwidth_image][/et_pb_section][et_pb_section fb_built=»1&#8243; _builder_version=»3.22.3&#8243; custom_padding=»0px|0px|9px|0px|false|false» top_divider_color=»#ffffff» animation_style=»fade»][et_pb_row module_id=»servicios» _builder_version=»3.25&#8243; _dynamic_attributes=»link_option_url» min_height=»533px» custom_padding=»22px|0px|27px|0px|false|false» link_option_url=»HORARIOS»][et_pb_column type=»4_4&#8243; _builder_version=»3.19.18&#8243; custom_padding=»|||» custom_padding__hover=»|||»][et_pb_text _builder_version=»4.9.4&#8243; custom_padding=»0px|||||» hover_enabled=»0&#8243; sticky_enabled=»0&#8243;]</p>
<blockquote>
<h1><span style="font-size: x-large;">CATEQUESIS PRIMERA COMUNIÓN</span></h1>
</blockquote>
<p>[/et_pb_text][et_pb_toggle title=»IDENTIDAD» icon_color=»#e02b20&#8243; _builder_version=»4.6.0&#8243; title_font=»||||||||» title_font_size=»18px»]</p>
<p style="font-weight: 400;">En nuestra Casa, la catequesis se organiza en dos aspectos:</p>
<p style="font-weight: 400;"><b><strong>Catequesis de niños</strong></b>: Comienza en 2º de Primaria y concluye en 4º de Primaria. Estos tres años les llamamos Luz-0, Luz-1 y Luz-2. En Luz-0 el niño recibe la catequesis directamente por sus padres. Cada grupo de 7-8 niños es llevado ordinariamente por dos catequistas.</p>
<p style="font-weight: 400;"><b><strong>Catequesis de padres</strong></b>: En Salesianos, los padres comienzan la catequesis cuando su hijo está en 2º de Primaria, ya que el primer año se motiva para que sean sus padres los primeros catequistas y acompañen a su hijo en el proceso. Cada padre pertenece a un grupo que lleva un catequista y se reúnen quincenalmente en el horario que mejor le venga al grupo. Durante el tercer año, los padres que lo deseen pueden recibir el sacramento de la confirmación en la Parroquia de San Lorenzo preparándose con algunas catequesis más específicas. </p>
<p>[/et_pb_toggle][et_pb_toggle title=»¿DÓNDE SE REALIZA LA CATEQUESIS?» icon_color=»#e02b20&#8243; _builder_version=»4.6.0&#8243; title_font=»||||||||» title_font_size=»18px»]</p>
<p style="font-weight: 400;">En las instalaciones del colegio tanto para niños como para los padres.</p>
<p>[/et_pb_toggle][et_pb_toggle title=»¿CUÁNDO SE REALIZA LA CATEQUESIS?» icon_color=»#e02b20&#8243; _builder_version=»4.6.0&#8243; title_font=»||||||||» title_font_size=»18px»]</p>
<p style="font-weight: 400;">En <strong>Luz-1 y Luz-2</strong> los niños se reúnen cada semana los <strong>viernes de 17:00 a 18:00</strong> desde octubre hasta mayo.</p>
<p style="font-weight: 400;">Los grupos de padres se reúnen quincenalmente en el horario que mejor le vaya a cada grupo mediante la inscripción que se hace a principio de curso.</p>
<p>[/et_pb_toggle][et_pb_toggle title=»¿QUÉ NECESITAS PARA APUNTARTE?» icon_color=»#e02b20&#8243; _builder_version=»4.6.0&#8243; title_font=»||||||||» title_font_size=»18px»]</p>
<p><span>Todos los niños deben traer su partida de bautismo y asistir a las reuniones y a la misa de los domingos. Los padres deben participar, los dos o al menos uno de ellos, en algún grupo de catequesis de padres.</span></p>
<p>[/et_pb_toggle][et_pb_toggle title=»¿PUEDE APUNTARSE NIÑOS QUE NO SEAN ALUMNOS?» icon_color=»#e02b20&#8243; _builder_version=»4.6.0&#8243; title_font=»||||||||» title_font_size=»18px»]</p>
<p><span>Por supuesto. Nuestra casa es una casa de puertas abiertas. Lo único que tienes que hacer es hablar con el responsable de catequesis.</span></p>
<p>[/et_pb_toggle][et_pb_toggle title=»¿QUÉ CELEBRACIONES SE REALIZAN?» icon_color=»#e02b20&#8243; _builder_version=»4.6.0&#8243; title_font=»||||||||» title_font_size=»18px»]</p>
<p style="font-weight: 400;">En<b><strong><span> </span>Navidad</strong></b><span> </span>y<span> </span><b><strong>Pascua</strong></b>, celebramos niños, catequistas y padres la fiesta del nacimiento de Jesús y la Resurrección con una oración en la iglesia y posteriormente una merienda festiva.</p>
<p style="font-weight: 400;">En 3º de Primaria se celebra la<b><strong><span> </span>Fiesta del Agua y de la Luz</strong></b>, en la que todos los niños renuevan las promesas bautismales con una celebración festiva en la que participan los padres. Siempre se hace durante el tiempo Pascual.</p>
<p style="font-weight: 400;">En 4º de Primaria se celebra la<span> </span><b><strong>Fiesta del Perdón</strong></b><span> </span>en la que los niños se acercan por primera vez al sacramento de la reconciliación. Siempre tiene lugar en el tiempo de Cuaresma. Posteriormente, en Mayo tiene lugar la P<b><strong>rimera Comunión.</strong></b></p>
<p>[/et_pb_toggle][/et_pb_column][/et_pb_row][et_pb_row _builder_version=»3.25&#8243;][et_pb_column type=»4_4&#8243; _builder_version=»3.19.18&#8243; custom_padding=»|||» custom_padding__hover=»|||»][et_pb_divider divider_style=»dotted» divider_weight=»10px» _builder_version=»4.6.0&#8243;]<br />
[/et_pb_divider][/et_pb_column][/et_pb_row][/et_pb_section][et_pb_section fb_built=»1&#8243; _builder_version=»4.3.2&#8243;][/et_pb_section]</p>

<p>CATEQUESIS PRIMERA COMUNIÓN En nuestra Casa, la catequesis se organiza en dos aspectos: Catequesis de niños: Comienza en 2º de Primaria y concluye en 4º de Primaria. Estos tres años les llamamos Luz-0, Luz-1 y Luz-2. En Luz-0 el niño recibe la catequesis directamente por sus padres. Cada grupo de 7-8 niños es llevado ordinariamente [&hellip;]</p>

<!-- This site is optimized with the Yoast SEO plugin v28.3 - https://yoast.com/product/yoast-seo-wordpress/ -->
<title>Catequesis - Pastoral</title>
<meta name="robots" content="index, follow, max-snippet:-1, max-image-preview:large, max-video-preview:-1" />
<link rel="canonical" href="https://cordoba.salesianos.edu/pastoral/catequesis/" />
<meta property="og:locale" content="es_ES" />
<meta property="og:type" content="article" />
<meta property="og:title" content="Catequesis - Pastoral" />
<meta property="og:description" content="CATEQUESIS PRIMERA COMUNIÓN En nuestra Casa, la catequesis se organiza en dos aspectos: Catequesis de niños: Comienza en 2º de Primaria y concluye en 4º de Primaria. Estos tres años les llamamos Luz-0, Luz-1 y Luz-2. En Luz-0 el niño recibe la catequesis directamente por sus padres. Cada grupo de 7-8 niños es llevado ordinariamente [&hellip;]" />
<meta property="og:url" content="https://cordoba.salesianos.edu/pastoral/catequesis/" />
<meta property="og:site_name" content="Pastoral" />
<meta property="article:modified_time" content="2021-05-27T19:10:26+00:00" />
<meta name="twitter:card" content="summary_large_image" />
<meta name="twitter:label1" content="Tiempo de lectura" />
	<meta name="twitter:data1" content="4 minutos" />
<script type="application/ld+json" class="yoast-schema-graph">{"@context":"https:\/\/schema.org","@graph":[{"@type":"WebPage","@id":"https:\/\/cordoba.salesianos.edu\/pastoral\/catequesis\/","url":"https:\/\/cordoba.salesianos.edu\/pastoral\/catequesis\/","name":"Catequesis - Pastoral","isPartOf":{"@id":"https:\/\/cordoba.salesianos.edu\/pastoral\/#website"},"datePublished":"2021-05-17T10:14:23+00:00","dateModified":"2021-05-27T19:10:26+00:00","breadcrumb":{"@id":"https:\/\/cordoba.salesianos.edu\/pastoral\/catequesis\/#breadcrumb"},"inLanguage":"es","potentialAction":[{"@type":"ReadAction","target":["https:\/\/cordoba.salesianos.edu\/pastoral\/catequesis\/"]}]},{"@type":"BreadcrumbList","@id":"https:\/\/cordoba.salesianos.edu\/pastoral\/catequesis\/#breadcrumb","itemListElement":[{"@type":"ListItem","position":1,"name":"Portada","item":"https:\/\/cordoba.salesianos.edu\/pastoral\/"},{"@type":"ListItem","position":2,"name":"Catequesis"}]},{"@type":"WebSite","@id":"https:\/\/cordoba.salesianos.edu\/pastoral\/#website","url":"https:\/\/cordoba.salesianos.edu\/pastoral\/","name":"Pastoral","description":"Página oficial Salesianos Córdoba","potentialAction":[{"@type":"SearchAction","target":{"@type":"EntryPoint","urlTemplate":"https:\/\/cordoba.salesianos.edu\/pastoral\/?s={search_term_string}"},"query-input":{"@type":"PropertyValueSpecification","valueRequired":true,"valueName":"search_term_string"}}],"inLanguage":"es"}]}</script>
<!-- / Yoast SEO plugin. -->

CATEQUESIS PRIMERA COMUNIÓN En nuestra Casa, la catequesis se organiza en dos aspectos: Catequesis de niños: Comienza en 2º de Primaria y concluye en 4º de Primaria. Estos tres años les llamamos Luz-0, Luz-1 y Luz-2. En Luz-0 el niño recibe la catequesis directamente por sus padres. Cada grupo de 7-8 niños es llevado ordinariamente [&hellip;]

Página oficial Salesianos Córdoba
