{"id":8414,"date":"2022-11-28T12:07:41","date_gmt":"2022-11-28T11:07:41","guid":{"rendered":"https:\/\/cordoba.salesianos.edu\/colegio\/?page_id=8414"},"modified":"2022-11-28T12:12:12","modified_gmt":"2022-11-28T11:12:12","slug":"orientacion-bach","status":"publish","type":"page","link":"https:\/\/cordoba.salesianos.edu\/colegio\/orientacion-bach\/","title":{"rendered":"Apuesta Orientaci\u00f3n Bach"},"content":{"rendered":"<p>[et_pb_section fb_built=\u00bb1&#8243; fullwidth=\u00bbon\u00bb _builder_version=\u00bb4.16&#8243; global_colors_info=\u00bb{}\u00bb][et_pb_fullwidth_header title=\u00bbOrientaci\u00f3n Bachillerato\u00bb module_class=\u00bbpagina-imagen-cabecera\u00bb _builder_version=\u00bb4.16&#8243; title_font=\u00bbLato||||||||\u00bb background_color=\u00bbrgba(255, 255, 255, 0)\u00bb background_image=\u00bbhttps:\/\/cordoba.salesianos.edu\/colegio\/wp-content\/uploads\/sites\/2\/2020\/10\/encabezado_noticias_casa-min.png\u00bb background_layout=\u00bblight\u00bb global_colors_info=\u00bb{}\u00bb button_one_text_size__hover_enabled=\u00bboff\u00bb button_two_text_size__hover_enabled=\u00bboff\u00bb button_one_text_color__hover_enabled=\u00bboff\u00bb button_two_text_color__hover_enabled=\u00bboff\u00bb button_one_border_width__hover_enabled=\u00bboff\u00bb button_two_border_width__hover_enabled=\u00bboff\u00bb button_one_border_color__hover_enabled=\u00bboff\u00bb button_two_border_color__hover_enabled=\u00bboff\u00bb button_one_border_radius__hover_enabled=\u00bboff\u00bb button_two_border_radius__hover_enabled=\u00bboff\u00bb button_one_letter_spacing__hover_enabled=\u00bboff\u00bb button_two_letter_spacing__hover_enabled=\u00bboff\u00bb button_one_bg_color__hover_enabled=\u00bboff\u00bb button_two_bg_color__hover_enabled=\u00bboff\u00bb][\/et_pb_fullwidth_header][\/et_pb_section][et_pb_section fb_built=\u00bb1&#8243; _builder_version=\u00bb4.16&#8243; custom_padding=\u00bb17px|0px|54px|0px|false|false\u00bb global_colors_info=\u00bb{}\u00bb][et_pb_row column_structure=\u00bb1_2,1_2&#8243; _builder_version=\u00bb4.16&#8243; custom_margin=\u00bb25px|||\u00bb custom_padding=\u00bb25px|||\u00bb global_colors_info=\u00bb{}\u00bb][et_pb_column type=\u00bb1_2&#8243; _builder_version=\u00bb4.16&#8243; _module_preset=\u00bbdefault\u00bb global_colors_info=\u00bb{}\u00bb][et_pb_text admin_label=\u00bbT\u00edtulo (Texto)\u00bb _builder_version=\u00bb4.16&#8243; header_font=\u00bb||||||||\u00bb header_2_font=\u00bbLato|300|||||||\u00bb header_2_font_size=\u00bb30px\u00bb global_colors_info=\u00bb{}\u00bb]<\/p>\n<h2>Orientaci\u00f3n Bachillerato<\/h2>\n<p>[\/et_pb_text][et_pb_video src=\u00bbhttps:\/\/youtu.be\/bS86l_qeG48&#8243; _builder_version=\u00bb4.16&#8243; _module_preset=\u00bbdefault\u00bb global_colors_info=\u00bb{}\u00bb][\/et_pb_video][et_pb_video src=\u00bbhttps:\/\/youtu.be\/diRWW9_5j-U\u00bb _builder_version=\u00bb4.16&#8243; _module_preset=\u00bbdefault\u00bb global_colors_info=\u00bb{}\u00bb][\/et_pb_video][\/et_pb_column][et_pb_column type=\u00bb1_2&#8243; _builder_version=\u00bb4.16&#8243; background_position=\u00bbtop_left\u00bb custom_padding=\u00bb|||\u00bb global_colors_info=\u00bb{}\u00bb custom_padding__hover=\u00bb|||\u00bb][et_pb_text admin_label=\u00bbContenido (Texto)\u00bb _builder_version=\u00bb4.18.0&#8243; header_font=\u00bb||||||||\u00bb header_2_font=\u00bbLato|300|||||||\u00bb header_2_font_size=\u00bb30px\u00bb global_colors_info=\u00bb{}\u00bb]<\/p>\n<p>&nbsp;<\/p>\n<ul><\/ul>\n<p>[\/et_pb_text][et_pb_text admin_label=\u00bbContenido (Texto)\u00bb _builder_version=\u00bb4.18.0&#8243; header_font=\u00bb||||||||\u00bb header_2_font=\u00bbLato|300|||||||\u00bb header_2_font_size=\u00bb30px\u00bb global_colors_info=\u00bb{}\u00bb]<\/p>\n<p>Acciones desarrolladas por el Departamento de Orientaci\u00f3n en Bachillerato:<\/p>\n<ul>\n<li><strong>Acompa\u00f1amiento<\/strong> personal y atenci\u00f3n a la diversidad.<\/li>\n<li>Dise\u00f1o y desarrollo de <strong>sesiones semanales de tutor\u00eda<\/strong> grupal sobre orientaci\u00f3n acad\u00e9mica y profesional y desarrollo personal.<\/li>\n<li>Realizaci\u00f3n de <strong>test profesionales de diagn\u00f3stico<\/strong> sobre capacidades acad\u00e9micas e intereses profesionales.<\/li>\n<li>Organizaci\u00f3n de <strong>visitas<\/strong> a instalaciones de <strong>universidades<\/strong> p\u00fablicas y privadas.<\/li>\n<li><strong>Coordinaci\u00f3n de charlas y talleres<\/strong> en el centro impartidas por universidades p\u00fablicas y privadas sobre grados universitarios y desarrollo de competencias para la vida universitaria.<\/li>\n<li>Participaci\u00f3n en salones de orientaci\u00f3n universitaria.<\/li>\n<li>Contacto con profesionales de distintos sectores en jornadas de encuentro en el colegio.<\/li>\n<\/ul>\n<p>[\/et_pb_text][\/et_pb_column][\/et_pb_row][\/et_pb_section]<\/p>\n","protected":false},"excerpt":{"rendered":"<p>Orientaci\u00f3n Bachillerato&nbsp; Acciones desarrolladas por el Departamento de Orientaci\u00f3n en Bachillerato: Acompa\u00f1amiento personal y atenci\u00f3n a la diversidad. Dise\u00f1o y desarrollo de sesiones semanales de tutor\u00eda grupal sobre orientaci\u00f3n acad\u00e9mica y profesional y desarrollo personal. Realizaci\u00f3n de test profesionales de diagn\u00f3stico sobre capacidades acad\u00e9micas e intereses profesionales. Organizaci\u00f3n de visitas a instalaciones de universidades p\u00fablicas [&hellip;]<\/p>\n","protected":false},"author":3,"featured_media":0,"parent":0,"menu_order":0,"comment_status":"closed","ping_status":"closed","template":"","meta":{"_et_pb_use_builder":"on","_et_pb_old_content":"","_et_gb_content_width":"","footnotes":""},"class_list":["post-8414","page","type-page","status-publish","hentry"],"yoast_head":"<!-- This site is optimized with the Yoast SEO plugin v28.4 - https:\/\/yoast.com\/product\/yoast-seo-wordpress\/ -->\n<title>Apuesta Orientaci\u00f3n Bach - Colegio Salesiano San Francisco de Sales<\/title>\n<meta name=\"robots\" content=\"index, follow, max-snippet:-1, max-image-preview:large, max-video-preview:-1\" \/>\n<link rel=\"canonical\" href=\"https:\/\/cordoba.salesianos.edu\/colegio\/orientacion-bach\/\" \/>\n<meta property=\"og:locale\" content=\"es_ES\" \/>\n<meta property=\"og:type\" content=\"article\" \/>\n<meta property=\"og:title\" content=\"Apuesta Orientaci\u00f3n Bach - Colegio Salesiano San Francisco de Sales\" \/>\n<meta property=\"og:description\" content=\"Orientaci\u00f3n Bachillerato&nbsp; Acciones desarrolladas por el Departamento de Orientaci\u00f3n en Bachillerato: Acompa\u00f1amiento personal y atenci\u00f3n a la diversidad. Dise\u00f1o y desarrollo de sesiones semanales de tutor\u00eda grupal sobre orientaci\u00f3n acad\u00e9mica y profesional y desarrollo personal. Realizaci\u00f3n de test profesionales de diagn\u00f3stico sobre capacidades acad\u00e9micas e intereses profesionales. Organizaci\u00f3n de visitas a instalaciones de universidades p\u00fablicas [&hellip;]\" \/>\n<meta property=\"og:url\" content=\"https:\/\/cordoba.salesianos.edu\/colegio\/orientacion-bach\/\" \/>\n<meta property=\"og:site_name\" content=\"Colegio Salesiano San Francisco de Sales\" \/>\n<meta property=\"article:modified_time\" content=\"2022-11-28T11:12:12+00:00\" \/>\n<meta name=\"twitter:card\" content=\"summary_large_image\" \/>\n<meta name=\"twitter:label1\" content=\"Tiempo de lectura\" \/>\n\t<meta name=\"twitter:data1\" content=\"1 minuto\" \/>\n<script type=\"application\/ld+json\" class=\"yoast-schema-graph\">{\"@context\":\"https:\\\/\\\/schema.org\",\"@graph\":[{\"@type\":\"WebPage\",\"@id\":\"https:\\\/\\\/cordoba.salesianos.edu\\\/colegio\\\/orientacion-bach\\\/\",\"url\":\"https:\\\/\\\/cordoba.salesianos.edu\\\/colegio\\\/orientacion-bach\\\/\",\"name\":\"Apuesta Orientaci\u00f3n Bach - Colegio Salesiano San Francisco de Sales\",\"isPartOf\":{\"@id\":\"https:\\\/\\\/cordoba.salesianos.edu\\\/colegio\\\/#website\"},\"datePublished\":\"2022-11-28T11:07:41+00:00\",\"dateModified\":\"2022-11-28T11:12:12+00:00\",\"breadcrumb\":{\"@id\":\"https:\\\/\\\/cordoba.salesianos.edu\\\/colegio\\\/orientacion-bach\\\/#breadcrumb\"},\"inLanguage\":\"es\",\"potentialAction\":[{\"@type\":\"ReadAction\",\"target\":[\"https:\\\/\\\/cordoba.salesianos.edu\\\/colegio\\\/orientacion-bach\\\/\"]}]},{\"@type\":\"BreadcrumbList\",\"@id\":\"https:\\\/\\\/cordoba.salesianos.edu\\\/colegio\\\/orientacion-bach\\\/#breadcrumb\",\"itemListElement\":[{\"@type\":\"ListItem\",\"position\":1,\"name\":\"Portada\",\"item\":\"https:\\\/\\\/cordoba.salesianos.edu\\\/colegio\\\/\"},{\"@type\":\"ListItem\",\"position\":2,\"name\":\"Apuesta Orientaci\u00f3n Bach\"}]},{\"@type\":\"WebSite\",\"@id\":\"https:\\\/\\\/cordoba.salesianos.edu\\\/colegio\\\/#website\",\"url\":\"https:\\\/\\\/cordoba.salesianos.edu\\\/colegio\\\/\",\"name\":\"Colegio Salesiano San Francisco de Sales\",\"description\":\"P\u00e1gina oficial Salesianos C\u00f3rdoba\",\"potentialAction\":[{\"@type\":\"SearchAction\",\"target\":{\"@type\":\"EntryPoint\",\"urlTemplate\":\"https:\\\/\\\/cordoba.salesianos.edu\\\/colegio\\\/?s={search_term_string}\"},\"query-input\":{\"@type\":\"PropertyValueSpecification\",\"valueRequired\":true,\"valueName\":\"search_term_string\"}}],\"inLanguage\":\"es\"}]}<\/script>\n<!-- \/ Yoast SEO plugin. -->","yoast_head_json":{"title":"Apuesta Orientaci\u00f3n Bach - Colegio Salesiano San Francisco de Sales","robots":{"index":"index","follow":"follow","max-snippet":"max-snippet:-1","max-image-preview":"max-image-preview:large","max-video-preview":"max-video-preview:-1"},"canonical":"https:\/\/cordoba.salesianos.edu\/colegio\/orientacion-bach\/","og_locale":"es_ES","og_type":"article","og_title":"Apuesta Orientaci\u00f3n Bach - Colegio Salesiano San Francisco de Sales","og_description":"Orientaci\u00f3n Bachillerato&nbsp; Acciones desarrolladas por el Departamento de Orientaci\u00f3n en Bachillerato: Acompa\u00f1amiento personal y atenci\u00f3n a la diversidad. Dise\u00f1o y desarrollo de sesiones semanales de tutor\u00eda grupal sobre orientaci\u00f3n acad\u00e9mica y profesional y desarrollo personal. Realizaci\u00f3n de test profesionales de diagn\u00f3stico sobre capacidades acad\u00e9micas e intereses profesionales. Organizaci\u00f3n de visitas a instalaciones de universidades p\u00fablicas [&hellip;]","og_url":"https:\/\/cordoba.salesianos.edu\/colegio\/orientacion-bach\/","og_site_name":"Colegio Salesiano San Francisco de Sales","article_modified_time":"2022-11-28T11:12:12+00:00","twitter_card":"summary_large_image","twitter_misc":{"Tiempo de lectura":"1 minuto"},"schema":{"@context":"https:\/\/schema.org","@graph":[{"@type":"WebPage","@id":"https:\/\/cordoba.salesianos.edu\/colegio\/orientacion-bach\/","url":"https:\/\/cordoba.salesianos.edu\/colegio\/orientacion-bach\/","name":"Apuesta Orientaci\u00f3n Bach - Colegio Salesiano San Francisco de Sales","isPartOf":{"@id":"https:\/\/cordoba.salesianos.edu\/colegio\/#website"},"datePublished":"2022-11-28T11:07:41+00:00","dateModified":"2022-11-28T11:12:12+00:00","breadcrumb":{"@id":"https:\/\/cordoba.salesianos.edu\/colegio\/orientacion-bach\/#breadcrumb"},"inLanguage":"es","potentialAction":[{"@type":"ReadAction","target":["https:\/\/cordoba.salesianos.edu\/colegio\/orientacion-bach\/"]}]},{"@type":"BreadcrumbList","@id":"https:\/\/cordoba.salesianos.edu\/colegio\/orientacion-bach\/#breadcrumb","itemListElement":[{"@type":"ListItem","position":1,"name":"Portada","item":"https:\/\/cordoba.salesianos.edu\/colegio\/"},{"@type":"ListItem","position":2,"name":"Apuesta Orientaci\u00f3n Bach"}]},{"@type":"WebSite","@id":"https:\/\/cordoba.salesianos.edu\/colegio\/#website","url":"https:\/\/cordoba.salesianos.edu\/colegio\/","name":"Colegio Salesiano San Francisco de Sales","description":"P\u00e1gina oficial Salesianos C\u00f3rdoba","potentialAction":[{"@type":"SearchAction","target":{"@type":"EntryPoint","urlTemplate":"https:\/\/cordoba.salesianos.edu\/colegio\/?s={search_term_string}"},"query-input":{"@type":"PropertyValueSpecification","valueRequired":true,"valueName":"search_term_string"}}],"inLanguage":"es"}]}},"_links":{"self":[{"href":"https:\/\/cordoba.salesianos.edu\/colegio\/wp-json\/wp\/v2\/pages\/8414","targetHints":{"allow":["GET"]}}],"collection":[{"href":"https:\/\/cordoba.salesianos.edu\/colegio\/wp-json\/wp\/v2\/pages"}],"about":[{"href":"https:\/\/cordoba.salesianos.edu\/colegio\/wp-json\/wp\/v2\/types\/page"}],"author":[{"embeddable":true,"href":"https:\/\/cordoba.salesianos.edu\/colegio\/wp-json\/wp\/v2\/users\/3"}],"replies":[{"embeddable":true,"href":"https:\/\/cordoba.salesianos.edu\/colegio\/wp-json\/wp\/v2\/comments?post=8414"}],"version-history":[{"count":3,"href":"https:\/\/cordoba.salesianos.edu\/colegio\/wp-json\/wp\/v2\/pages\/8414\/revisions"}],"predecessor-version":[{"id":8420,"href":"https:\/\/cordoba.salesianos.edu\/colegio\/wp-json\/wp\/v2\/pages\/8414\/revisions\/8420"}],"wp:attachment":[{"href":"https:\/\/cordoba.salesianos.edu\/colegio\/wp-json\/wp\/v2\/media?parent=8414"}],"curies":[{"name":"wp","href":"https:\/\/api.w.org\/{rel}","templated":true}]}}

Apuesta Orientación Bach

<p>[et_pb_section fb_built=»1&#8243; fullwidth=»on» _builder_version=»4.16&#8243; global_colors_info=»{}»][et_pb_fullwidth_header title=»Orientación Bachillerato» module_class=»pagina-imagen-cabecera» _builder_version=»4.16&#8243; title_font=»Lato||||||||» background_color=»rgba(255, 255, 255, 0)» background_image=»https://cordoba.salesianos.edu/colegio/wp-content/uploads/sites/2/2020/10/encabezado_noticias_casa-min.png» background_layout=»light» global_colors_info=»{}» button_one_text_size__hover_enabled=»off» button_two_text_size__hover_enabled=»off» button_one_text_color__hover_enabled=»off» button_two_text_color__hover_enabled=»off» button_one_border_width__hover_enabled=»off» button_two_border_width__hover_enabled=»off» button_one_border_color__hover_enabled=»off» button_two_border_color__hover_enabled=»off» button_one_border_radius__hover_enabled=»off» button_two_border_radius__hover_enabled=»off» button_one_letter_spacing__hover_enabled=»off» button_two_letter_spacing__hover_enabled=»off» button_one_bg_color__hover_enabled=»off» button_two_bg_color__hover_enabled=»off»][/et_pb_fullwidth_header][/et_pb_section][et_pb_section fb_built=»1&#8243; _builder_version=»4.16&#8243; custom_padding=»17px|0px|54px|0px|false|false» global_colors_info=»{}»][et_pb_row column_structure=»1_2,1_2&#8243; _builder_version=»4.16&#8243; custom_margin=»25px|||» custom_padding=»25px|||» global_colors_info=»{}»][et_pb_column type=»1_2&#8243; _builder_version=»4.16&#8243; _module_preset=»default» global_colors_info=»{}»][et_pb_text admin_label=»Título (Texto)» _builder_version=»4.16&#8243; header_font=»||||||||» header_2_font=»Lato|300|||||||» header_2_font_size=»30px» global_colors_info=»{}»]</p>
<h2>Orientación Bachillerato</h2>
<p>[/et_pb_text][et_pb_video src=»https://youtu.be/bS86l_qeG48&#8243; _builder_version=»4.16&#8243; _module_preset=»default» global_colors_info=»{}»][/et_pb_video][et_pb_video src=»https://youtu.be/diRWW9_5j-U» _builder_version=»4.16&#8243; _module_preset=»default» global_colors_info=»{}»][/et_pb_video][/et_pb_column][et_pb_column type=»1_2&#8243; _builder_version=»4.16&#8243; background_position=»top_left» custom_padding=»|||» global_colors_info=»{}» custom_padding__hover=»|||»][et_pb_text admin_label=»Contenido (Texto)» _builder_version=»4.18.0&#8243; header_font=»||||||||» header_2_font=»Lato|300|||||||» header_2_font_size=»30px» global_colors_info=»{}»]</p>
<p>&nbsp;</p>
<ul></ul>
<p>[/et_pb_text][et_pb_text admin_label=»Contenido (Texto)» _builder_version=»4.18.0&#8243; header_font=»||||||||» header_2_font=»Lato|300|||||||» header_2_font_size=»30px» global_colors_info=»{}»]</p>
<p>Acciones desarrolladas por el Departamento de Orientación en Bachillerato:</p>
<ul>
<li><strong>Acompañamiento</strong> personal y atención a la diversidad.</li>
<li>Diseño y desarrollo de <strong>sesiones semanales de tutoría</strong> grupal sobre orientación académica y profesional y desarrollo personal.</li>
<li>Realización de <strong>test profesionales de diagnóstico</strong> sobre capacidades académicas e intereses profesionales.</li>
<li>Organización de <strong>visitas</strong> a instalaciones de <strong>universidades</strong> públicas y privadas.</li>
<li><strong>Coordinación de charlas y talleres</strong> en el centro impartidas por universidades públicas y privadas sobre grados universitarios y desarrollo de competencias para la vida universitaria.</li>
<li>Participación en salones de orientación universitaria.</li>
<li>Contacto con profesionales de distintos sectores en jornadas de encuentro en el colegio.</li>
</ul>
<p>[/et_pb_text][/et_pb_column][/et_pb_row][/et_pb_section]</p>

<p>Orientación Bachillerato&nbsp; Acciones desarrolladas por el Departamento de Orientación en Bachillerato: Acompañamiento personal y atención a la diversidad. Diseño y desarrollo de sesiones semanales de tutoría grupal sobre orientación académica y profesional y desarrollo personal. Realización de test profesionales de diagnóstico sobre capacidades académicas e intereses profesionales. Organización de visitas a instalaciones de universidades públicas [&hellip;]</p>

<!-- This site is optimized with the Yoast SEO plugin v28.4 - https://yoast.com/product/yoast-seo-wordpress/ -->
<title>Apuesta Orientación Bach - Colegio Salesiano San Francisco de Sales</title>
<meta name="robots" content="index, follow, max-snippet:-1, max-image-preview:large, max-video-preview:-1" />
<link rel="canonical" href="https://cordoba.salesianos.edu/colegio/orientacion-bach/" />
<meta property="og:locale" content="es_ES" />
<meta property="og:type" content="article" />
<meta property="og:title" content="Apuesta Orientación Bach - Colegio Salesiano San Francisco de Sales" />
<meta property="og:description" content="Orientación Bachillerato&nbsp; Acciones desarrolladas por el Departamento de Orientación en Bachillerato: Acompañamiento personal y atención a la diversidad. Diseño y desarrollo de sesiones semanales de tutoría grupal sobre orientación académica y profesional y desarrollo personal. Realización de test profesionales de diagnóstico sobre capacidades académicas e intereses profesionales. Organización de visitas a instalaciones de universidades públicas [&hellip;]" />
<meta property="og:url" content="https://cordoba.salesianos.edu/colegio/orientacion-bach/" />
<meta property="og:site_name" content="Colegio Salesiano San Francisco de Sales" />
<meta property="article:modified_time" content="2022-11-28T11:12:12+00:00" />
<meta name="twitter:card" content="summary_large_image" />
<meta name="twitter:label1" content="Tiempo de lectura" />
	<meta name="twitter:data1" content="1 minuto" />
<script type="application/ld+json" class="yoast-schema-graph">{"@context":"https:\/\/schema.org","@graph":[{"@type":"WebPage","@id":"https:\/\/cordoba.salesianos.edu\/colegio\/orientacion-bach\/","url":"https:\/\/cordoba.salesianos.edu\/colegio\/orientacion-bach\/","name":"Apuesta Orientación Bach - Colegio Salesiano San Francisco de Sales","isPartOf":{"@id":"https:\/\/cordoba.salesianos.edu\/colegio\/#website"},"datePublished":"2022-11-28T11:07:41+00:00","dateModified":"2022-11-28T11:12:12+00:00","breadcrumb":{"@id":"https:\/\/cordoba.salesianos.edu\/colegio\/orientacion-bach\/#breadcrumb"},"inLanguage":"es","potentialAction":[{"@type":"ReadAction","target":["https:\/\/cordoba.salesianos.edu\/colegio\/orientacion-bach\/"]}]},{"@type":"BreadcrumbList","@id":"https:\/\/cordoba.salesianos.edu\/colegio\/orientacion-bach\/#breadcrumb","itemListElement":[{"@type":"ListItem","position":1,"name":"Portada","item":"https:\/\/cordoba.salesianos.edu\/colegio\/"},{"@type":"ListItem","position":2,"name":"Apuesta Orientación Bach"}]},{"@type":"WebSite","@id":"https:\/\/cordoba.salesianos.edu\/colegio\/#website","url":"https:\/\/cordoba.salesianos.edu\/colegio\/","name":"Colegio Salesiano San Francisco de Sales","description":"Página oficial Salesianos Córdoba","potentialAction":[{"@type":"SearchAction","target":{"@type":"EntryPoint","urlTemplate":"https:\/\/cordoba.salesianos.edu\/colegio\/?s={search_term_string}"},"query-input":{"@type":"PropertyValueSpecification","valueRequired":true,"valueName":"search_term_string"}}],"inLanguage":"es"}]}</script>
<!-- / Yoast SEO plugin. -->

Apuesta Orientación Bach - Colegio Salesiano San Francisco de Sales

Orientación Bachillerato&nbsp; Acciones desarrolladas por el Departamento de Orientación en Bachillerato: Acompañamiento personal y atención a la diversidad. Diseño y desarrollo de sesiones semanales de tutoría grupal sobre orientación académica y profesional y desarrollo personal. Realización de test profesionales de diagnóstico sobre capacidades académicas e intereses profesionales. Organización de visitas a instalaciones de universidades públicas [&hellip;]

Página oficial Salesianos Córdoba
