{"id":8028,"date":"2022-01-28T17:55:46","date_gmt":"2022-01-28T16:55:46","guid":{"rendered":"https:\/\/cordoba.salesianos.edu\/colegio\/?page_id=8028"},"modified":"2024-01-17T13:25:13","modified_gmt":"2024-01-17T12:25:13","slug":"caminamos-contigo","status":"publish","type":"page","link":"https:\/\/cordoba.salesianos.edu\/colegio\/caminamos-contigo\/","title":{"rendered":"Apuesta Caminamos Contigo"},"content":{"rendered":"<p>[et_pb_section fb_built=\u00bb1&#8243; fullwidth=\u00bbon\u00bb _builder_version=\u00bb4.16&#8243; global_colors_info=\u00bb{}\u00bb][et_pb_fullwidth_header title=\u00bbCaminamos Contigo\u00bb module_class=\u00bbpagina-imagen-cabecera\u00bb _builder_version=\u00bb4.16&#8243; title_font=\u00bbLato||||||||\u00bb background_color=\u00bbrgba(255, 255, 255, 0)\u00bb background_image=\u00bbhttps:\/\/cordoba.salesianos.edu\/colegio\/wp-content\/uploads\/sites\/2\/2020\/10\/encabezado_noticias_casa-min.png\u00bb background_layout=\u00bblight\u00bb global_colors_info=\u00bb{}\u00bb button_one_text_size__hover_enabled=\u00bboff\u00bb button_two_text_size__hover_enabled=\u00bboff\u00bb button_one_text_color__hover_enabled=\u00bboff\u00bb button_two_text_color__hover_enabled=\u00bboff\u00bb button_one_border_width__hover_enabled=\u00bboff\u00bb button_two_border_width__hover_enabled=\u00bboff\u00bb button_one_border_color__hover_enabled=\u00bboff\u00bb button_two_border_color__hover_enabled=\u00bboff\u00bb button_one_border_radius__hover_enabled=\u00bboff\u00bb button_two_border_radius__hover_enabled=\u00bboff\u00bb button_one_letter_spacing__hover_enabled=\u00bboff\u00bb button_two_letter_spacing__hover_enabled=\u00bboff\u00bb button_one_bg_color__hover_enabled=\u00bboff\u00bb button_two_bg_color__hover_enabled=\u00bboff\u00bb][\/et_pb_fullwidth_header][\/et_pb_section][et_pb_section fb_built=\u00bb1&#8243; _builder_version=\u00bb4.16&#8243; custom_padding=\u00bb17px|0px|54px|0px|false|false\u00bb global_colors_info=\u00bb{}\u00bb][et_pb_row column_structure=\u00bb1_2,1_2&#8243; _builder_version=\u00bb4.16&#8243; custom_margin=\u00bb25px|||\u00bb custom_padding=\u00bb25px|||\u00bb global_colors_info=\u00bb{}\u00bb][et_pb_column type=\u00bb1_2&#8243; _builder_version=\u00bb4.16&#8243; _module_preset=\u00bbdefault\u00bb global_colors_info=\u00bb{}\u00bb][et_pb_text admin_label=\u00bbT\u00edtulo (Texto)\u00bb _builder_version=\u00bb4.16&#8243; header_font=\u00bb||||||||\u00bb header_2_font=\u00bbLato|300|||||||\u00bb header_2_font_size=\u00bb30px\u00bb global_colors_info=\u00bb{}\u00bb]<\/p>\n<h2>Caminamos contigo<\/h2>\n<p>[\/et_pb_text][et_pb_image src=\u00bbhttps:\/\/cordoba.salesianos.edu\/colegio\/wp-content\/uploads\/sites\/2\/2021\/05\/CORDOBA.png\u00bb title_text=\u00bbCORDOBA\u00bb _builder_version=\u00bb4.16&#8243; _module_preset=\u00bbdefault\u00bb width=\u00bb55%\u00bb global_colors_info=\u00bb{}\u00bb][\/et_pb_image][\/et_pb_column][et_pb_column type=\u00bb1_2&#8243; _builder_version=\u00bb4.16&#8243; background_position=\u00bbtop_left\u00bb custom_padding=\u00bb|||\u00bb global_colors_info=\u00bb{}\u00bb custom_padding__hover=\u00bb|||\u00bb][et_pb_text admin_label=\u00bbContenido (Texto)\u00bb _builder_version=\u00bb4.16&#8243; header_font=\u00bb||||||||\u00bb header_2_font=\u00bbLato|300|||||||\u00bb header_2_font_size=\u00bb30px\u00bb global_colors_info=\u00bb{}\u00bb]<\/p>\n<p style=\"text-align: justify;\"><span style=\"font-size: 14px;\">El acompa\u00f1amiento personal del alumnado forma parte del estilo salesiano desde sus inicios. Con la garant\u00eda de formar parte de una instituci\u00f3n cuya raz\u00f3n de ser es la educaci\u00f3n integral de los j\u00f3venes, en Salesianos C\u00f3rdoba contamos con la experiencia y los recursos para que este compromiso sea m\u00e1s que palabras.<\/span><\/p>\n<p style=\"text-align: justify;\"><span style=\"font-size: 14px;\"> Completamos el horario oficial de Bachillerato con una <strong>hora de tutor\u00eda grupal<\/strong> con el fin de asegurar semanalmente el espacio y tiempo adecuados para:<\/span><\/p>\n<p style=\"text-align: justify;\"><span style=\"font-size: 14px;\"><\/span><\/p>\n<ul>\n<li style=\"text-align: justify;\"><span style=\"font-size: 14px;\">La orientaci\u00f3n acad\u00e9mica y profesional de los alumnos.<\/span><\/li>\n<li style=\"text-align: justify;\">El conocimiento directo de la realidad universitaria y la oferta de CCFF de grado superior de C\u00f3rdoba y el resto de provincias, tanto en el \u00e1mbito p\u00fablico como en el privado.<\/li>\n<li style=\"text-align: justify;\"><span style=\"font-size: 14px;\">El desarrollo de las competencias fundamentales para la transici\u00f3n a los estudios superiores.<\/span><\/li>\n<li style=\"text-align: justify;\">El acompa\u00f1amiento individual para una mejor gesti\u00f3n de los procesos de aprendizaje y del desarrollo personal.<\/li>\n<li style=\"text-align: justify;\">La presencia de un <strong>orientador espec\u00edfico<\/strong> para Bachillerato completa y enriquece la labor de atenci\u00f3n individual realizada por el tutor de cada curso.<\/li>\n<li style=\"text-align: justify;\">Apostamos por el acercamiento a la realidad laboral a trav\u00e9s del conocimiento directo de la oferta acad\u00e9mica de universidades p\u00fablicas y privadas y de la organizaci\u00f3n de <strong>Jornadas de Orientaci\u00f3n Acad\u00e9mica y Profesional<\/strong>, que cuentan con la presencia de alumnos universitarios y profesionales de distintos \u00e1mbitos.<\/li>\n<\/ul>\n<p>[\/et_pb_text][\/et_pb_column][\/et_pb_row][\/et_pb_section]<\/p>\n","protected":false},"excerpt":{"rendered":"<p>Caminamos contigoEl acompa\u00f1amiento personal del alumnado forma parte del estilo salesiano desde sus inicios. Con la garant\u00eda de formar parte de una instituci\u00f3n cuya raz\u00f3n de ser es la educaci\u00f3n integral de los j\u00f3venes, en Salesianos C\u00f3rdoba contamos con la experiencia y los recursos para que este compromiso sea m\u00e1s que palabras. Completamos el horario [&hellip;]<\/p>\n","protected":false},"author":3,"featured_media":0,"parent":0,"menu_order":0,"comment_status":"closed","ping_status":"closed","template":"","meta":{"_et_pb_use_builder":"on","_et_pb_old_content":"","_et_gb_content_width":"","footnotes":""},"class_list":["post-8028","page","type-page","status-publish","hentry"],"yoast_head":"<!-- This site is optimized with the Yoast SEO plugin v27.3 - https:\/\/yoast.com\/product\/yoast-seo-wordpress\/ -->\n<title>Apuesta Caminamos Contigo - Colegio Salesiano San Francisco de Sales<\/title>\n<meta name=\"robots\" content=\"index, follow, max-snippet:-1, max-image-preview:large, max-video-preview:-1\" \/>\n<link rel=\"canonical\" href=\"https:\/\/cordoba.salesianos.edu\/colegio\/caminamos-contigo\/\" \/>\n<meta property=\"og:locale\" content=\"es_ES\" \/>\n<meta property=\"og:type\" content=\"article\" \/>\n<meta property=\"og:title\" content=\"Apuesta Caminamos Contigo - Colegio Salesiano San Francisco de Sales\" \/>\n<meta property=\"og:description\" content=\"Caminamos contigoEl acompa\u00f1amiento personal del alumnado forma parte del estilo salesiano desde sus inicios. Con la garant\u00eda de formar parte de una instituci\u00f3n cuya raz\u00f3n de ser es la educaci\u00f3n integral de los j\u00f3venes, en Salesianos C\u00f3rdoba contamos con la experiencia y los recursos para que este compromiso sea m\u00e1s que palabras. Completamos el horario [&hellip;]\" \/>\n<meta property=\"og:url\" content=\"https:\/\/cordoba.salesianos.edu\/colegio\/caminamos-contigo\/\" \/>\n<meta property=\"og:site_name\" content=\"Colegio Salesiano San Francisco de Sales\" \/>\n<meta property=\"article:modified_time\" content=\"2024-01-17T12:25:13+00:00\" \/>\n<meta name=\"twitter:card\" content=\"summary_large_image\" \/>\n<meta name=\"twitter:label1\" content=\"Tiempo de lectura\" \/>\n\t<meta name=\"twitter:data1\" content=\"2 minutos\" \/>\n<script type=\"application\/ld+json\" class=\"yoast-schema-graph\">{\"@context\":\"https:\\\/\\\/schema.org\",\"@graph\":[{\"@type\":\"WebPage\",\"@id\":\"https:\\\/\\\/cordoba.salesianos.edu\\\/colegio\\\/caminamos-contigo\\\/\",\"url\":\"https:\\\/\\\/cordoba.salesianos.edu\\\/colegio\\\/caminamos-contigo\\\/\",\"name\":\"Apuesta Caminamos Contigo - Colegio Salesiano San Francisco de Sales\",\"isPartOf\":{\"@id\":\"https:\\\/\\\/cordoba.salesianos.edu\\\/colegio\\\/#website\"},\"datePublished\":\"2022-01-28T16:55:46+00:00\",\"dateModified\":\"2024-01-17T12:25:13+00:00\",\"breadcrumb\":{\"@id\":\"https:\\\/\\\/cordoba.salesianos.edu\\\/colegio\\\/caminamos-contigo\\\/#breadcrumb\"},\"inLanguage\":\"es\",\"potentialAction\":[{\"@type\":\"ReadAction\",\"target\":[\"https:\\\/\\\/cordoba.salesianos.edu\\\/colegio\\\/caminamos-contigo\\\/\"]}]},{\"@type\":\"BreadcrumbList\",\"@id\":\"https:\\\/\\\/cordoba.salesianos.edu\\\/colegio\\\/caminamos-contigo\\\/#breadcrumb\",\"itemListElement\":[{\"@type\":\"ListItem\",\"position\":1,\"name\":\"Portada\",\"item\":\"https:\\\/\\\/cordoba.salesianos.edu\\\/colegio\\\/\"},{\"@type\":\"ListItem\",\"position\":2,\"name\":\"Apuesta Caminamos Contigo\"}]},{\"@type\":\"WebSite\",\"@id\":\"https:\\\/\\\/cordoba.salesianos.edu\\\/colegio\\\/#website\",\"url\":\"https:\\\/\\\/cordoba.salesianos.edu\\\/colegio\\\/\",\"name\":\"Colegio Salesiano San Francisco de Sales\",\"description\":\"P\u00e1gina oficial Salesianos C\u00f3rdoba\",\"potentialAction\":[{\"@type\":\"SearchAction\",\"target\":{\"@type\":\"EntryPoint\",\"urlTemplate\":\"https:\\\/\\\/cordoba.salesianos.edu\\\/colegio\\\/?s={search_term_string}\"},\"query-input\":{\"@type\":\"PropertyValueSpecification\",\"valueRequired\":true,\"valueName\":\"search_term_string\"}}],\"inLanguage\":\"es\"}]}<\/script>\n<!-- \/ Yoast SEO plugin. -->","yoast_head_json":{"title":"Apuesta Caminamos Contigo - Colegio Salesiano San Francisco de Sales","robots":{"index":"index","follow":"follow","max-snippet":"max-snippet:-1","max-image-preview":"max-image-preview:large","max-video-preview":"max-video-preview:-1"},"canonical":"https:\/\/cordoba.salesianos.edu\/colegio\/caminamos-contigo\/","og_locale":"es_ES","og_type":"article","og_title":"Apuesta Caminamos Contigo - Colegio Salesiano San Francisco de Sales","og_description":"Caminamos contigoEl acompa\u00f1amiento personal del alumnado forma parte del estilo salesiano desde sus inicios. Con la garant\u00eda de formar parte de una instituci\u00f3n cuya raz\u00f3n de ser es la educaci\u00f3n integral de los j\u00f3venes, en Salesianos C\u00f3rdoba contamos con la experiencia y los recursos para que este compromiso sea m\u00e1s que palabras. Completamos el horario [&hellip;]","og_url":"https:\/\/cordoba.salesianos.edu\/colegio\/caminamos-contigo\/","og_site_name":"Colegio Salesiano San Francisco de Sales","article_modified_time":"2024-01-17T12:25:13+00:00","twitter_card":"summary_large_image","twitter_misc":{"Tiempo de lectura":"2 minutos"},"schema":{"@context":"https:\/\/schema.org","@graph":[{"@type":"WebPage","@id":"https:\/\/cordoba.salesianos.edu\/colegio\/caminamos-contigo\/","url":"https:\/\/cordoba.salesianos.edu\/colegio\/caminamos-contigo\/","name":"Apuesta Caminamos Contigo - Colegio Salesiano San Francisco de Sales","isPartOf":{"@id":"https:\/\/cordoba.salesianos.edu\/colegio\/#website"},"datePublished":"2022-01-28T16:55:46+00:00","dateModified":"2024-01-17T12:25:13+00:00","breadcrumb":{"@id":"https:\/\/cordoba.salesianos.edu\/colegio\/caminamos-contigo\/#breadcrumb"},"inLanguage":"es","potentialAction":[{"@type":"ReadAction","target":["https:\/\/cordoba.salesianos.edu\/colegio\/caminamos-contigo\/"]}]},{"@type":"BreadcrumbList","@id":"https:\/\/cordoba.salesianos.edu\/colegio\/caminamos-contigo\/#breadcrumb","itemListElement":[{"@type":"ListItem","position":1,"name":"Portada","item":"https:\/\/cordoba.salesianos.edu\/colegio\/"},{"@type":"ListItem","position":2,"name":"Apuesta Caminamos Contigo"}]},{"@type":"WebSite","@id":"https:\/\/cordoba.salesianos.edu\/colegio\/#website","url":"https:\/\/cordoba.salesianos.edu\/colegio\/","name":"Colegio Salesiano San Francisco de Sales","description":"P\u00e1gina oficial Salesianos C\u00f3rdoba","potentialAction":[{"@type":"SearchAction","target":{"@type":"EntryPoint","urlTemplate":"https:\/\/cordoba.salesianos.edu\/colegio\/?s={search_term_string}"},"query-input":{"@type":"PropertyValueSpecification","valueRequired":true,"valueName":"search_term_string"}}],"inLanguage":"es"}]}},"_links":{"self":[{"href":"https:\/\/cordoba.salesianos.edu\/colegio\/wp-json\/wp\/v2\/pages\/8028","targetHints":{"allow":["GET"]}}],"collection":[{"href":"https:\/\/cordoba.salesianos.edu\/colegio\/wp-json\/wp\/v2\/pages"}],"about":[{"href":"https:\/\/cordoba.salesianos.edu\/colegio\/wp-json\/wp\/v2\/types\/page"}],"author":[{"embeddable":true,"href":"https:\/\/cordoba.salesianos.edu\/colegio\/wp-json\/wp\/v2\/users\/3"}],"replies":[{"embeddable":true,"href":"https:\/\/cordoba.salesianos.edu\/colegio\/wp-json\/wp\/v2\/comments?post=8028"}],"version-history":[{"count":5,"href":"https:\/\/cordoba.salesianos.edu\/colegio\/wp-json\/wp\/v2\/pages\/8028\/revisions"}],"predecessor-version":[{"id":8925,"href":"https:\/\/cordoba.salesianos.edu\/colegio\/wp-json\/wp\/v2\/pages\/8028\/revisions\/8925"}],"wp:attachment":[{"href":"https:\/\/cordoba.salesianos.edu\/colegio\/wp-json\/wp\/v2\/media?parent=8028"}],"curies":[{"name":"wp","href":"https:\/\/api.w.org\/{rel}","templated":true}]}}