{"id":5344,"date":"2021-04-28T11:42:28","date_gmt":"2021-04-28T09:42:28","guid":{"rendered":"https:\/\/cordoba.salesianos.edu\/colegio\/?page_id=5344"},"modified":"2025-04-07T13:46:06","modified_gmt":"2025-04-07T11:46:06","slug":"administracion","status":"publish","type":"page","link":"https:\/\/cordoba.salesianos.edu\/colegio\/administracion\/","title":{"rendered":"Administraci\u00f3n"},"content":{"rendered":"<p>[et_pb_section fb_built=\u00bb1&#8243; fullwidth=\u00bbon\u00bb _builder_version=\u00bb4.16&#8243; global_colors_info=\u00bb{}\u00bb][et_pb_fullwidth_header title=\u00bbAdministraci\u00f3n\u00bb title_font_color=\u00bb#ffffff\u00bb module_class=\u00bbpagina-imagen-cabecera\u00bb _builder_version=\u00bb4.18.0&#8243; title_font=\u00bbLato||||||||\u00bb title_text_color=\u00bb#ffffff\u00bb title_font_size=\u00bb40px\u00bb background_color=\u00bbrgba(255,255,255,0)\u00bb background_image=\u00bbhttps:\/\/cordoba.salesianos.edu\/colegio\/wp-content\/uploads\/sites\/2\/2022\/09\/IMG_1127-scaled.jpg\u00bb custom_button_one=\u00bbon\u00bb button_one_text_color=\u00bb#ffffff\u00bb button_one_bg_color=\u00bb#dc001b\u00bb button_one_border_width=\u00bb0px\u00bb button_one_font=\u00bb||||||||\u00bb background_layout=\u00bblight\u00bb max_width_tablet=\u00bb50px\u00bb min_height=\u00bb365px\u00bb box_shadow_style_button_one=\u00bbpreset3&#8243; background_url=\u00bbhttps:\/\/alicante.salesianos.edu\/colegio\/wp-content\/uploads\/sites\/2\/2017\/04\/Captura-de-pantalla-2017-04-13-a-las-16.14.37.png\u00bb global_colors_info=\u00bb{}\u00bb button_one_text_size__hover_enabled=\u00bboff\u00bb button_two_text_size__hover_enabled=\u00bboff\u00bb button_one_text_color__hover_enabled=\u00bboff\u00bb button_two_text_color__hover_enabled=\u00bboff\u00bb button_one_border_width__hover_enabled=\u00bboff\u00bb button_two_border_width__hover_enabled=\u00bboff\u00bb button_one_border_color__hover_enabled=\u00bboff\u00bb button_two_border_color__hover_enabled=\u00bboff\u00bb button_one_border_radius__hover_enabled=\u00bboff\u00bb button_two_border_radius__hover_enabled=\u00bboff\u00bb button_one_letter_spacing__hover_enabled=\u00bboff\u00bb button_two_letter_spacing__hover_enabled=\u00bboff\u00bb button_one_bg_color__hover_enabled=\u00bboff\u00bb button_two_bg_color__hover_enabled=\u00bboff\u00bb][\/et_pb_fullwidth_header][\/et_pb_section][et_pb_section fb_built=\u00bb1&#8243; module_class=\u00bbpagina-seccion-contenido\u00bb _builder_version=\u00bb4.16&#8243; custom_padding=\u00bb0.3%||||false|false\u00bb top_divider_color=\u00bb#dc001b\u00bb global_colors_info=\u00bb{}\u00bb][et_pb_row column_structure=\u00bb1_3,2_3&#8243; module_class=\u00bbpagina-texto\u00bb _builder_version=\u00bb4.16&#8243; background_size=\u00bbinitial\u00bb background_position=\u00bbtop_left\u00bb background_repeat=\u00bbrepeat\u00bb custom_margin=\u00bb25px|||\u00bb custom_padding=\u00bb0||25px||false|false\u00bb global_colors_info=\u00bb{}\u00bb][et_pb_column type=\u00bb1_3&#8243; _builder_version=\u00bb4.16&#8243; custom_padding=\u00bb|||\u00bb global_colors_info=\u00bb{}\u00bb custom_padding__hover=\u00bb|||\u00bb][et_pb_blurb title=\u00bb957482000&#8243; url=\u00bbtel:+34957482000&#8243; use_icon=\u00bbon\u00bb font_icon=\u00bb&#xe090;||divi||400&#8243; _builder_version=\u00bb4.27.4&#8243; header_font_size=\u00bb28px\u00bb body_font_size=\u00bb16px\u00bb text_orientation=\u00bbcenter\u00bb custom_margin=\u00bb|||\u00bb custom_padding=\u00bb25px|||\u00bb animation_style=\u00bbbounce\u00bb animation=\u00bboff\u00bb hover_enabled=\u00bb0&#8243; global_colors_info=\u00bb{}\u00bb sticky_enabled=\u00bb0&#8243;]<\/p>\n<p>Conserjer\u00eda<\/p>\n<p>[\/et_pb_blurb][et_pb_text _builder_version=\u00bb4.16&#8243; header_font=\u00bb||||||||\u00bb header_2_font=\u00bbLato|300|||||||\u00bb header_2_font_size=\u00bb28px\u00bb custom_margin=\u00bb|||\u00bb custom_padding=\u00bb20px|||\u00bb global_colors_info=\u00bb{}\u00bb]<\/p>\n<h2 style=\"text-align: left;\">Contacta con&#8230;<\/h2>\n<p style=\"text-align: left;\"><em>Pinchando en cada departamento podr\u00e1s ver su <strong>horario de atenci\u00f3n<\/strong> y acceder al <strong>formulario de contacto<\/strong>. Se ruega concertar <strong>cita previa<\/strong>.<\/em><\/p>\n<p>[\/et_pb_text][et_pb_accordion open_toggle_text_color=\u00bb#dc001b\u00bb open_toggle_background_color=\u00bbrgba(255,255,255,0.85)\u00bb closed_toggle_text_color=\u00bb#dc001b\u00bb closed_toggle_background_color=\u00bbrgba(255,255,255,0.84)\u00bb icon_color=\u00bb#dc001b\u00bb _builder_version=\u00bb4.16&#8243; toggle_level=\u00bbh3&#8243; toggle_font=\u00bbLato|700|||||||\u00bb toggle_font_size=\u00bb24px\u00bb body_font=\u00bb||||||||\u00bb border_color_all=\u00bb#cccccc\u00bb box_shadow_style=\u00bbpreset3&#8243; box_shadow_color=\u00bbrgba(0,0,0,0.26)\u00bb global_colors_info=\u00bb{}\u00bb][et_pb_accordion_item title=\u00bbConserjer\u00eda\u00bb _builder_version=\u00bb4.16&#8243; background_color=\u00bbrgba(255,255,255,0.84)\u00bb background_image=\u00bbhttps:\/\/cordoba.salesianos.edu\/colegio\/wp-content\/uploads\/sites\/2\/2021\/04\/encabezado_administracion.jpg\u00bb background_blend=\u00bboverlay\u00bb global_colors_info=\u00bb{}\u00bb open=\u00bbon\u00bb]<\/p>\n<h5><strong>SEPTIEMBRE &#8211; JUNIO<\/strong><\/h5>\n<ul>\n<li><strong>De lunes a viernes:<\/strong> 7:30 &#8211; 22:30<\/li>\n<li><strong>S\u00e1bados d<\/strong><strong style=\"font-size: 14px;\">omingos:<\/strong><span style=\"font-size: 14px;\">\u00a0CERRADO<\/span><\/li>\n<\/ul>\n<p>[\/et_pb_accordion_item][et_pb_accordion_item title=\u00bbSecretar\u00eda\u00bb open=\u00bboff\u00bb _builder_version=\u00bb4.16&#8243; background_color=\u00bbrgba(255,255,255,0.84)\u00bb background_image=\u00bbhttps:\/\/cordoba.salesianos.edu\/colegio\/wp-content\/uploads\/sites\/2\/2021\/04\/administracion_secretaria.jpg\u00bb background_blend=\u00bboverlay\u00bb global_colors_info=\u00bb{}\u00bb]<\/p>\n<h5><b>SEPTIEMBRE &#8211; JUNIO<\/b><\/h5>\n<p><b>De lunes, mi\u00e9rcoles, jueves y viernes:<\/b><\/p>\n<ul>\n<li>9:00 &#8211; 11:00<\/li>\n<\/ul>\n<p><strong>Martes<\/strong><\/p>\n<ul>\n<li>17:30 &#8211; 19:30<\/li>\n<\/ul>\n<p style=\"text-align: left;\">\u00a0<strong><i><a href=\"https:\/\/cordoba.salesianos.edu\/colegio\/secretaria-contacta\/\" title=\"Ir a formulario de contacto\">\u2192 CONTACTA CON SECRETAR\u00cdA<\/a><\/i><\/strong><\/p>\n<p style=\"text-align: left;\"><strong><i><a href=\"https:\/\/alicante.salesianos.edu\/colegio\/comedor\/#Formulario\" title=\"Ir a formulario de contacto\"><\/a><\/i><\/strong><\/p>\n<p>[\/et_pb_accordion_item][et_pb_accordion_item title=\u00bbContabilidad\u00bb _builder_version=\u00bb4.16&#8243; background_color=\u00bbrgba(255,255,255,0.84)\u00bb background_image=\u00bbhttps:\/\/cordoba.salesianos.edu\/colegio\/wp-content\/uploads\/sites\/2\/2021\/04\/administracion_aurora_direccioncolegio-min-min.jpg\u00bb background_blend=\u00bboverlay\u00bb global_colors_info=\u00bb{}\u00bb open=\u00bboff\u00bb]<\/p>\n<h5><strong>SEPTIEMBRE &#8211; JUNIO<\/strong><\/h5>\n<ul>\n<li>Solicitando <i><a href=\"https:\/\/cordoba.salesianos.edu\/colegio\/?page_id=5436&amp;preview=true\" title=\"Ir a formulario de contacto\">cita previa<\/a><\/i><\/li>\n<\/ul>\n<p>[\/et_pb_accordion_item][et_pb_accordion_item title=\u00bbAdministradora\u00bb _builder_version=\u00bb4.16&#8243; background_color=\u00bbrgba(255,255,255,0.84)\u00bb background_image=\u00bbhttps:\/\/cordoba.salesianos.edu\/colegio\/wp-content\/uploads\/sites\/2\/2021\/04\/administracion_administrador.jpg\u00bb background_blend=\u00bboverlay\u00bb global_colors_info=\u00bb{}\u00bb open=\u00bboff\u00bb]<\/p>\n<h5><b>SEPTIEMBRE &#8211; JUNIO<\/b><\/h5>\n<ul>\n<li>Solicitando <i><a href=\"https:\/\/cordoba.salesianos.edu\/colegio\/administracion-contacta\/\" title=\"Ir a formulario de contacto\">cita previa<\/a><\/i><\/li>\n<\/ul>\n<p>[\/et_pb_accordion_item][\/et_pb_accordion][et_pb_blurb title=\u00bbProveedores\u00bb use_icon=\u00bbon\u00bb font_icon=\u00bb&#xe087;||divi||400&#8243; _builder_version=\u00bb4.16&#8243; header_font_size=\u00bb28px\u00bb body_font_size=\u00bb16px\u00bb text_orientation=\u00bbcenter\u00bb custom_margin=\u00bb|||\u00bb custom_padding=\u00bb25px|||\u00bb animation_style=\u00bbbounce\u00bb animation=\u00bboff\u00bb link_option_url=\u00bbhttps:\/\/cordoba.salesianos.edu\/colegio\/proveedores\/\u00bb global_colors_info=\u00bb{}\u00bb][\/et_pb_blurb][\/et_pb_column][et_pb_column type=\u00bb2_3&#8243; _builder_version=\u00bb4.16&#8243; custom_padding=\u00bb|||\u00bb global_colors_info=\u00bb{}\u00bb custom_padding__hover=\u00bb|||\u00bb][et_pb_text _builder_version=\u00bb4.16&#8243; header_font=\u00bb||||||||\u00bb header_2_font=\u00bbLato|300|||||||\u00bb header_2_font_size=\u00bb28px\u00bb custom_margin=\u00bb|||\u00bb custom_padding=\u00bb25px|||\u00bb global_colors_info=\u00bb{}\u00bb]<\/p>\n<h2>\u00bfEn qu\u00e9 podemos ayudarte?<\/h2>\n<p>[\/et_pb_text][et_pb_text _builder_version=\u00bb4.16&#8243; background_size=\u00bbinitial\u00bb background_position=\u00bbtop_left\u00bb background_repeat=\u00bbrepeat\u00bb global_colors_info=\u00bb{}\u00bb]<\/p>\n<p class=\"\" style=\"text-align: justify;\">Una buena comunicaci\u00f3n es esencial para el buen funcionamiento de un colegio. Por eso te invitamos a que conozcas nuestra manera de comunicarnos. Te animamos tambi\u00e9n a que nos ayudes a hacer que nuestro colegio sea casa que acoge y que educa desde el coraz\u00f3n.<\/p>\n<p class=\"\" style=\"text-align: justify;\">A continuaci\u00f3n te mostramos nuestros <strong>horarios de atenci\u00f3n<\/strong> y <strong>enlaces<\/strong> que podr\u00e1s utilizar para ponerte en contacto con nosotros. No olvides que como padre\/madre\/tutor\/a tienes acceso a la plataforma <a href=\"https:\/\/alicante.salesianos.edu\/colegio\/qualitas-educativa\/\">Qualitas Familia<\/a>, mediante la cual podr\u00e1s tambien ponerte en contacto con nosotros.<\/p>\n<p>[\/et_pb_text][et_pb_testimonial author=\u00bbPilar Carmona\u00bb job_title=\u00bbAdministraci\u00f3n\u00bb portrait_url=\u00bbhttps:\/\/cordoba.salesianos.edu\/colegio\/wp-content\/uploads\/sites\/2\/2021\/04\/PRF_0937.jpg\u00bb _builder_version=\u00bb4.16&#8243; background_size=\u00bbinitial\u00bb background_position=\u00bbtop_left\u00bb background_repeat=\u00bbrepeat\u00bb text_orientation=\u00bbjustified\u00bb global_colors_info=\u00bb{}\u00bb]<\/p>\n<p style=\"text-align: justify;\">\u00a1Hola a todos\/as!<\/p>\n<p style=\"text-align: justify;\">Soy Pilar y formo parte del personal de administraci\u00f3n y servicios. M\u00e1s concretamente me encargo de la administraci\u00f3n. Somos un equipo que, junto con el claustro de profesores, damos lo mejor de nosotros para hacer que el sue\u00f1o de Don Bosco siga siendo una realidad aqu\u00ed en C\u00f3rdoba.<\/p>\n<p style=\"text-align: justify;\">Para cualquier duda puedes utilizar los formularios de contacto,\u00a0<a href=\"tel:+34957482000\" title=\"Llamar a recepci\u00f3n\">llamarnos por tel\u00e9fono<\/a> o pasarte por aqu\u00ed <strong>en el horario establecido<\/strong>, si es posible <strong>concertando una cita<\/strong>. Nos ayudar\u00e1 a prepararnos para atenderles de una manera m\u00e1s eficiente.<\/p>\n<p style=\"text-align: justify;\">Sin m\u00e1s, un cordial saludo.<\/p>\n<p>[\/et_pb_testimonial][et_pb_text _builder_version=\u00bb4.16&#8243; header_font=\u00bb||||||||\u00bb header_2_font=\u00bbLato|300|||||||\u00bb header_2_font_size=\u00bb28px\u00bb custom_margin=\u00bb|||\u00bb custom_padding=\u00bb20px|||\u00bb global_colors_info=\u00bb{}\u00bb]<\/p>\n<h2>\u00bfCu\u00e1ndo podemos vernos?<\/h2>\n<p>[\/et_pb_text][et_pb_text _builder_version=\u00bb4.27.4&#8243; text_font=\u00bb||||||||\u00bb link_font=\u00bb||||||||\u00bb background_size=\u00bbinitial\u00bb background_position=\u00bbtop_left\u00bb background_repeat=\u00bbrepeat\u00bb text_orientation=\u00bbjustified\u00bb hover_enabled=\u00bb0&#8243; global_colors_info=\u00bb{}\u00bb sticky_enabled=\u00bb0&#8243;]<\/p>\n<p class=\"\" style=\"text-align: justify;\">Si es un asunto <strong>urgente<\/strong>, lo mejor es que <a title=\"Llamar a recepci\u00f3n\" href=\"tel:+34957482000\">llames<\/a> al colegio. Desde <strong>conserjer\u00eda<\/strong> te derivar\u00e1n lo antes posible al responsable correspondiente.<\/p>\n<p class=\"\" style=\"text-align: justify;\">Si puede esperar al d\u00eda siguiente lo mejor es que\u00a0<strong>solicites una cita<\/strong>. En esta misma p\u00e1gina encontrar\u00e1s los horarios de atenci\u00f3n y enlaces a los formularios para ponerte en contacto con el\u00a0<a title=\"Contacta con secretar\u00eda\" href=\"https:\/\/cordoba.salesianos.edu\/colegio\/administracion-contacta\/\">departamento de administraci\u00f3n\/contabilidad\u00a0<\/a>y\u00a0<a title=\"Contacta con direcci\u00f3n\" href=\"https:\/\/cordoba.salesianos.edu\/colegio\/secretaria-contacta\/\">secretar\u00eda<\/a>. Si no tienes claras las competencias de cada uno, en <a title=\"Llamar a recepci\u00f3n\" href=\"callto:957482000\">conserjer\u00eda<\/a> te ayudar\u00e1n a ponerte en contacto con la persona adecuada.<\/p>\n<p>[\/et_pb_text][et_pb_divider color=\u00bbrgba(81,98,111,0.29)\u00bb divider_style=\u00bbdashed\u00bb _builder_version=\u00bb4.16&#8243; global_colors_info=\u00bb{}\u00bb][\/et_pb_divider][\/et_pb_column][\/et_pb_row][\/et_pb_section][et_pb_section fb_built=\u00bb1&#8243; next_background_color=\u00bb#ffffff\u00bb disabled_on=\u00bbon|on|on\u00bb _builder_version=\u00bb4.16&#8243; background_color=\u00bb#e02b20&#8243; background_image=\u00bbhttps:\/\/cordoba.salesianos.edu\/colegio\/wp-content\/uploads\/sites\/2\/2020\/10\/fondo_novedades_web.png\u00bb custom_padding=\u00bb0px|0px|96px|0px|false|false\u00bb bottom_divider_style=\u00bbmountains2&#8243; disabled=\u00bbon\u00bb global_colors_info=\u00bb{}\u00bb][et_pb_row _builder_version=\u00bb4.16&#8243; custom_padding=\u00bb27px|0px|0|0px|false|false\u00bb global_colors_info=\u00bb{}\u00bb][et_pb_column type=\u00bb4_4&#8243; _builder_version=\u00bb4.16&#8243; custom_padding=\u00bb|||\u00bb global_colors_info=\u00bb{}\u00bb custom_padding__hover=\u00bb|||\u00bb][et_pb_text _builder_version=\u00bb4.16&#8243; text_font=\u00bb||||||||\u00bb text_font_size=\u00bb17px\u00bb header_font=\u00bbLato||||||||\u00bb header_2_font=\u00bbLato|300|||||||\u00bb header_2_font_size=\u00bb30px\u00bb header_2_line_height=\u00bb1.3em\u00bb background_layout=\u00bbdark\u00bb global_colors_info=\u00bb{}\u00bb]<\/p>\n<h2 style=\"text-align: center;\">HORARIO ESPECIAL ADMISIONES<\/h2>\n<p style=\"text-align: center;\">Las <strong>solicitudes de admisi\u00f3n<\/strong>\u00a0se presentar\u00e1n en <strong>Administraci\u00f3n<\/strong>\u00a0en el siguiente horario:<\/p>\n<p>[\/et_pb_text][\/et_pb_column][\/et_pb_row][et_pb_row column_structure=\u00bb1_2,1_2&#8243; _builder_version=\u00bb4.16&#8243; custom_padding=\u00bb0|0px|0|0px|false|false\u00bb global_colors_info=\u00bb{}\u00bb][et_pb_column type=\u00bb1_2&#8243; _builder_version=\u00bb4.16&#8243; custom_padding=\u00bb|||\u00bb global_colors_info=\u00bb{}\u00bb custom_padding__hover=\u00bb|||\u00bb][et_pb_text _builder_version=\u00bb4.16&#8243; text_font=\u00bb||||||||\u00bb text_text_color=\u00bb#51626f\u00bb text_font_size=\u00bb17px\u00bb header_font=\u00bbLato||||||||\u00bb header_2_font=\u00bbLato|300|||||||\u00bb header_2_font_size=\u00bb30px\u00bb header_2_line_height=\u00bb1.3em\u00bb header_3_font=\u00bbLato|700|||||||\u00bb header_3_text_color=\u00bb#dc001b\u00bb header_3_font_size=\u00bb24px\u00bb background_color=\u00bb#ffffff\u00bb background_layout=\u00bbdark\u00bb custom_padding=\u00bb20px|20px|5px|20px|false|true\u00bb border_radii=\u00bbon|20px|20px|20px|20px\u00bb box_shadow_style=\u00bbpreset3&#8243; global_colors_info=\u00bb{}\u00bb]<\/p>\n<h3 style=\"text-align: center;\">3 A\u00d1OS<\/h3>\n<ul>\n<li><strong>MA\u00d1ANAS<\/strong> de<b>\u00a0<\/b>8:30 a 13:00 h\u00a0<em>| Del jueves 9 al viernes 17 de mayo (ambos inclusive)<\/em><\/li>\n<li><strong>TARDES<\/strong> de<b>\u00a0<\/b>17:00 a 18:00 h |\u00a0<em>Solo los d\u00edas 9, 13, 14, 15 y 16 de mayo<\/em><\/li>\n<\/ul>\n<p>[\/et_pb_text][\/et_pb_column][et_pb_column type=\u00bb1_2&#8243; _builder_version=\u00bb4.16&#8243; custom_padding=\u00bb|||\u00bb global_colors_info=\u00bb{}\u00bb custom_padding__hover=\u00bb|||\u00bb][et_pb_text _builder_version=\u00bb4.16&#8243; text_font=\u00bb||||||||\u00bb text_text_color=\u00bb#51626f\u00bb text_font_size=\u00bb17px\u00bb header_font=\u00bbLato||||||||\u00bb header_2_font=\u00bbLato|300|||||||\u00bb header_2_font_size=\u00bb30px\u00bb header_2_line_height=\u00bb1.3em\u00bb header_3_font=\u00bbLato|700|||||||\u00bb header_3_text_color=\u00bb#dc001b\u00bb header_3_font_size=\u00bb24px\u00bb background_color=\u00bb#ffffff\u00bb background_layout=\u00bbdark\u00bb custom_padding=\u00bb20px|20px|5px|20px|false|true\u00bb border_radii=\u00bbon|20px|20px|20px|20px\u00bb box_shadow_style=\u00bbpreset3&#8243; global_colors_info=\u00bb{}\u00bb]<\/p>\n<h3 style=\"text-align: center;\">1\u00ba BACHILLERATO<\/h3>\n<ul>\n<li><strong>MA\u00d1ANAS<\/strong> de<b>\u00a0<\/b>8:30 a 13:00 h\u00a0<em>| Del martes 21 al jueves 30 de mayo (ambos inclusive)<\/em><\/li>\n<li><strong>TARDES<\/strong> de<b>\u00a0<\/b>17:00 a 18:00 h |\u00a0<em>Solo los d\u00edas 21, 22, 23, 27, 28 y 29 de mayo<\/em><\/li>\n<\/ul>\n<p>[\/et_pb_text][\/et_pb_column][\/et_pb_row][et_pb_row _builder_version=\u00bb4.16&#8243; global_colors_info=\u00bb{}\u00bb][et_pb_column type=\u00bb4_4&#8243; _builder_version=\u00bb4.16&#8243; custom_padding=\u00bb|||\u00bb global_colors_info=\u00bb{}\u00bb custom_padding__hover=\u00bb|||\u00bb][et_pb_button button_url=\u00bbhttps:\/\/alicante.salesianos.edu\/colegio\/admisiones\/\u00bb button_text=\u00bbM\u00e1s informaci\u00f3n\u00bb button_alignment=\u00bbcenter\u00bb _builder_version=\u00bb4.16&#8243; custom_button=\u00bbon\u00bb button_text_color=\u00bb#dc001b\u00bb button_bg_color=\u00bb#ffffff\u00bb button_border_width=\u00bb0px\u00bb button_border_radius=\u00bb100px\u00bb button_font=\u00bb||||||||\u00bb button_icon=\u00bb&#x55;||divi||400&#8243; button_icon_placement=\u00bbleft\u00bb button_on_hover=\u00bboff\u00bb background_layout=\u00bbdark\u00bb box_shadow_style=\u00bbpreset3&#8243; global_colors_info=\u00bb{}\u00bb button_text_size__hover_enabled=\u00bboff\u00bb button_one_text_size__hover_enabled=\u00bboff\u00bb button_two_text_size__hover_enabled=\u00bboff\u00bb button_text_color__hover_enabled=\u00bboff\u00bb button_one_text_color__hover_enabled=\u00bboff\u00bb button_two_text_color__hover_enabled=\u00bboff\u00bb button_border_width__hover_enabled=\u00bboff\u00bb button_one_border_width__hover_enabled=\u00bboff\u00bb button_two_border_width__hover_enabled=\u00bboff\u00bb button_border_color__hover_enabled=\u00bboff\u00bb button_one_border_color__hover_enabled=\u00bboff\u00bb button_two_border_color__hover_enabled=\u00bboff\u00bb button_border_radius__hover_enabled=\u00bboff\u00bb button_one_border_radius__hover_enabled=\u00bboff\u00bb button_two_border_radius__hover_enabled=\u00bboff\u00bb button_letter_spacing__hover_enabled=\u00bboff\u00bb button_one_letter_spacing__hover_enabled=\u00bboff\u00bb button_two_letter_spacing__hover_enabled=\u00bboff\u00bb button_bg_color__hover_enabled=\u00bboff\u00bb button_one_bg_color__hover_enabled=\u00bboff\u00bb button_two_bg_color__hover_enabled=\u00bboff\u00bb][\/et_pb_button][\/et_pb_column][\/et_pb_row][\/et_pb_section]<\/p>\n","protected":false},"excerpt":{"rendered":"<p>Conserjer\u00edaContacta con&#8230; Pinchando en cada departamento podr\u00e1s ver su horario de atenci\u00f3n y acceder al formulario de contacto. Se ruega concertar cita previa.SEPTIEMBRE &#8211; JUNIO De lunes a viernes: 7:30 &#8211; 22:30 S\u00e1bados domingos:\u00a0CERRADO SEPTIEMBRE &#8211; JUNIO De lunes, mi\u00e9rcoles, jueves y viernes: 9:00 &#8211; 11:00 Martes 17:30 &#8211; 19:30 \u00a0\u2192 CONTACTA CON SECRETAR\u00cdA SEPTIEMBRE [&hellip;]<\/p>\n","protected":false},"author":3,"featured_media":0,"parent":0,"menu_order":0,"comment_status":"closed","ping_status":"closed","template":"","meta":{"_et_pb_use_builder":"on","_et_pb_old_content":"","_et_gb_content_width":"","footnotes":""},"class_list":["post-5344","page","type-page","status-publish","hentry"],"yoast_head":"<!-- This site is optimized with the Yoast SEO plugin v27.2 - https:\/\/yoast.com\/product\/yoast-seo-wordpress\/ -->\n<title>Administraci\u00f3n - Colegio Salesiano San Francisco de Sales<\/title>\n<meta name=\"robots\" content=\"index, follow, max-snippet:-1, max-image-preview:large, max-video-preview:-1\" \/>\n<link rel=\"canonical\" href=\"https:\/\/cordoba.salesianos.edu\/colegio\/administracion\/\" \/>\n<meta property=\"og:locale\" content=\"es_ES\" \/>\n<meta property=\"og:type\" content=\"article\" \/>\n<meta property=\"og:title\" content=\"Administraci\u00f3n - Colegio Salesiano San Francisco de Sales\" \/>\n<meta property=\"og:description\" content=\"Conserjer\u00edaContacta con... Pinchando en cada departamento podr\u00e1s ver su horario de atenci\u00f3n y acceder al formulario de contacto. Se ruega concertar cita previa.SEPTIEMBRE - JUNIO De lunes a viernes: 7:30 - 22:30 S\u00e1bados domingos:\u00a0CERRADO SEPTIEMBRE - JUNIO De lunes, mi\u00e9rcoles, jueves y viernes: 9:00 - 11:00 Martes 17:30 - 19:30 \u00a0\u2192 CONTACTA CON SECRETAR\u00cdA SEPTIEMBRE [&hellip;]\" \/>\n<meta property=\"og:url\" content=\"https:\/\/cordoba.salesianos.edu\/colegio\/administracion\/\" \/>\n<meta property=\"og:site_name\" content=\"Colegio Salesiano San Francisco de Sales\" \/>\n<meta property=\"article:modified_time\" content=\"2025-04-07T11:46:06+00:00\" \/>\n<meta name=\"twitter:card\" content=\"summary_large_image\" \/>\n<meta name=\"twitter:label1\" content=\"Tiempo de lectura\" \/>\n\t<meta name=\"twitter:data1\" content=\"2 minutos\" \/>\n<script type=\"application\/ld+json\" class=\"yoast-schema-graph\">{\"@context\":\"https:\/\/schema.org\",\"@graph\":[{\"@type\":\"WebPage\",\"@id\":\"https:\/\/cordoba.salesianos.edu\/colegio\/administracion\/\",\"url\":\"https:\/\/cordoba.salesianos.edu\/colegio\/administracion\/\",\"name\":\"Administraci\u00f3n - Colegio Salesiano San Francisco de Sales\",\"isPartOf\":{\"@id\":\"https:\/\/cordoba.salesianos.edu\/colegio\/#website\"},\"datePublished\":\"2021-04-28T09:42:28+00:00\",\"dateModified\":\"2025-04-07T11:46:06+00:00\",\"breadcrumb\":{\"@id\":\"https:\/\/cordoba.salesianos.edu\/colegio\/administracion\/#breadcrumb\"},\"inLanguage\":\"es\",\"potentialAction\":[{\"@type\":\"ReadAction\",\"target\":[\"https:\/\/cordoba.salesianos.edu\/colegio\/administracion\/\"]}]},{\"@type\":\"BreadcrumbList\",\"@id\":\"https:\/\/cordoba.salesianos.edu\/colegio\/administracion\/#breadcrumb\",\"itemListElement\":[{\"@type\":\"ListItem\",\"position\":1,\"name\":\"Portada\",\"item\":\"https:\/\/cordoba.salesianos.edu\/colegio\/\"},{\"@type\":\"ListItem\",\"position\":2,\"name\":\"Administraci\u00f3n\"}]},{\"@type\":\"WebSite\",\"@id\":\"https:\/\/cordoba.salesianos.edu\/colegio\/#website\",\"url\":\"https:\/\/cordoba.salesianos.edu\/colegio\/\",\"name\":\"Colegio Salesiano San Francisco de Sales\",\"description\":\"P\u00e1gina oficial Salesianos C\u00f3rdoba\",\"potentialAction\":[{\"@type\":\"SearchAction\",\"target\":{\"@type\":\"EntryPoint\",\"urlTemplate\":\"https:\/\/cordoba.salesianos.edu\/colegio\/?s={search_term_string}\"},\"query-input\":{\"@type\":\"PropertyValueSpecification\",\"valueRequired\":true,\"valueName\":\"search_term_string\"}}],\"inLanguage\":\"es\"}]}<\/script>\n<!-- \/ Yoast SEO plugin. -->","yoast_head_json":{"title":"Administraci\u00f3n - Colegio Salesiano San Francisco de Sales","robots":{"index":"index","follow":"follow","max-snippet":"max-snippet:-1","max-image-preview":"max-image-preview:large","max-video-preview":"max-video-preview:-1"},"canonical":"https:\/\/cordoba.salesianos.edu\/colegio\/administracion\/","og_locale":"es_ES","og_type":"article","og_title":"Administraci\u00f3n - Colegio Salesiano San Francisco de Sales","og_description":"Conserjer\u00edaContacta con... Pinchando en cada departamento podr\u00e1s ver su horario de atenci\u00f3n y acceder al formulario de contacto. Se ruega concertar cita previa.SEPTIEMBRE - JUNIO De lunes a viernes: 7:30 - 22:30 S\u00e1bados domingos:\u00a0CERRADO SEPTIEMBRE - JUNIO De lunes, mi\u00e9rcoles, jueves y viernes: 9:00 - 11:00 Martes 17:30 - 19:30 \u00a0\u2192 CONTACTA CON SECRETAR\u00cdA SEPTIEMBRE [&hellip;]","og_url":"https:\/\/cordoba.salesianos.edu\/colegio\/administracion\/","og_site_name":"Colegio Salesiano San Francisco de Sales","article_modified_time":"2025-04-07T11:46:06+00:00","twitter_card":"summary_large_image","twitter_misc":{"Tiempo de lectura":"2 minutos"},"schema":{"@context":"https:\/\/schema.org","@graph":[{"@type":"WebPage","@id":"https:\/\/cordoba.salesianos.edu\/colegio\/administracion\/","url":"https:\/\/cordoba.salesianos.edu\/colegio\/administracion\/","name":"Administraci\u00f3n - Colegio Salesiano San Francisco de Sales","isPartOf":{"@id":"https:\/\/cordoba.salesianos.edu\/colegio\/#website"},"datePublished":"2021-04-28T09:42:28+00:00","dateModified":"2025-04-07T11:46:06+00:00","breadcrumb":{"@id":"https:\/\/cordoba.salesianos.edu\/colegio\/administracion\/#breadcrumb"},"inLanguage":"es","potentialAction":[{"@type":"ReadAction","target":["https:\/\/cordoba.salesianos.edu\/colegio\/administracion\/"]}]},{"@type":"BreadcrumbList","@id":"https:\/\/cordoba.salesianos.edu\/colegio\/administracion\/#breadcrumb","itemListElement":[{"@type":"ListItem","position":1,"name":"Portada","item":"https:\/\/cordoba.salesianos.edu\/colegio\/"},{"@type":"ListItem","position":2,"name":"Administraci\u00f3n"}]},{"@type":"WebSite","@id":"https:\/\/cordoba.salesianos.edu\/colegio\/#website","url":"https:\/\/cordoba.salesianos.edu\/colegio\/","name":"Colegio Salesiano San Francisco de Sales","description":"P\u00e1gina oficial Salesianos C\u00f3rdoba","potentialAction":[{"@type":"SearchAction","target":{"@type":"EntryPoint","urlTemplate":"https:\/\/cordoba.salesianos.edu\/colegio\/?s={search_term_string}"},"query-input":{"@type":"PropertyValueSpecification","valueRequired":true,"valueName":"search_term_string"}}],"inLanguage":"es"}]}},"_links":{"self":[{"href":"https:\/\/cordoba.salesianos.edu\/colegio\/wp-json\/wp\/v2\/pages\/5344","targetHints":{"allow":["GET"]}}],"collection":[{"href":"https:\/\/cordoba.salesianos.edu\/colegio\/wp-json\/wp\/v2\/pages"}],"about":[{"href":"https:\/\/cordoba.salesianos.edu\/colegio\/wp-json\/wp\/v2\/types\/page"}],"author":[{"embeddable":true,"href":"https:\/\/cordoba.salesianos.edu\/colegio\/wp-json\/wp\/v2\/users\/3"}],"replies":[{"embeddable":true,"href":"https:\/\/cordoba.salesianos.edu\/colegio\/wp-json\/wp\/v2\/comments?post=5344"}],"version-history":[{"count":19,"href":"https:\/\/cordoba.salesianos.edu\/colegio\/wp-json\/wp\/v2\/pages\/5344\/revisions"}],"predecessor-version":[{"id":9229,"href":"https:\/\/cordoba.salesianos.edu\/colegio\/wp-json\/wp\/v2\/pages\/5344\/revisions\/9229"}],"wp:attachment":[{"href":"https:\/\/cordoba.salesianos.edu\/colegio\/wp-json\/wp\/v2\/media?parent=5344"}],"curies":[{"name":"wp","href":"https:\/\/api.w.org\/{rel}","templated":true}]}}